CRAN Package Check Results for Package qmap

Last updated on 2021-09-22 09:52:42 CEST.

Flavor Version Tinstall Tcheck Ttotal Status Flags
r-devel-linux-x86_64-debian-clang 1.0-4 7.80 89.08 96.88 OK
r-devel-linux-x86_64-debian-gcc 1.0-4 7.06 61.59 68.65 OK
r-devel-linux-x86_64-fedora-clang 1.0-4 112.44 OK
r-devel-linux-x86_64-fedora-gcc 1.0-4 103.76 OK
r-devel-windows-x86_64 1.0-4 8.00 78.00 86.00 OK
r-devel-windows-x86_64-gcc10-UCRT 1.0-4 ERROR
r-patched-linux-x86_64 1.0-4 12.43 76.95 89.38 OK
r-patched-solaris-x86 1.0-4 153.00 OK
r-release-linux-x86_64 1.0-4 9.33 76.17 85.50 OK
r-release-macos-arm64 1.0-4 OK
r-release-macos-x86_64 1.0-4 OK
r-release-windows-ix86+x86_64 1.0-4 18.00 72.00 90.00 OK
r-oldrel-macos-x86_64 1.0-4 OK
r-oldrel-windows-ix86+x86_64 1.0-4 13.00 73.00 86.00 OK

Check Details

Version: 1.0-4
Check: PDF version of manual
Result: WARN
    LaTeX errors when creating PDF version.
    This typically indicates Rd problems.
Flavor: r-devel-windows-x86_64-gcc10-UCRT

Version: 1.0-4
Check: PDF version of manual without hyperrefs or index
Result: ERROR
    Re-running with no redirection of stdout/stderr.
Flavor: r-devel-windows-x86_64-gcc10-UCRT