CRAN Package Check Results for Package qlcMatrix

Last updated on 2021-10-24 10:04:16 CEST.

Flavor Version Tinstall Tcheck Ttotal Status Flags
r-devel-linux-x86_64-debian-clang 0.9.7 10.75 106.12 116.87 OK
r-devel-linux-x86_64-debian-gcc 0.9.7 7.67 82.52 90.19 OK
r-devel-linux-x86_64-fedora-clang 0.9.7 145.86 NOTE
r-devel-linux-x86_64-fedora-gcc 0.9.7 137.61 NOTE
r-devel-windows-x86_64 0.9.7 15.00 107.00 122.00 OK
r-devel-windows-x86_64-gcc10-UCRT 0.9.7 NOTE
r-patched-linux-x86_64 0.9.7 13.98 99.23 113.21 OK
r-patched-solaris-x86 0.9.7 209.90 NOTE
r-release-linux-x86_64 0.9.7 8.49 97.07 105.56 OK
r-release-macos-arm64 0.9.7 NOTE
r-release-macos-x86_64 0.9.7 NOTE
r-release-windows-ix86+x86_64 0.9.7 14.00 135.00 149.00 OK
r-oldrel-macos-x86_64 0.9.7 NOTE
r-oldrel-windows-ix86+x86_64 0.9.7 19.00 135.00 154.00 OK

Check Details

Version: 0.9.7
Check: data for non-ASCII characters
Result: NOTE
     Note: found 76102 marked UTF-8 strings
Flavors: r-devel-linux-x86_64-fedora-clang, r-devel-linux-x86_64-fedora-gcc, r-devel-windows-x86_64-gcc10-UCRT, r-patched-solaris-x86, r-release-macos-arm64, r-release-macos-x86_64, r-oldrel-macos-x86_64