CRAN Package Check Results for Package qdapDictionaries

Last updated on 2021-09-26 09:49:46 CEST.

Flavor Version Tinstall Tcheck Ttotal Status Flags
r-devel-linux-x86_64-debian-clang 1.0.7 3.94 26.56 30.50 OK
r-devel-linux-x86_64-debian-gcc 1.0.7 3.40 20.83 24.23 OK
r-devel-linux-x86_64-fedora-clang 1.0.7 45.72 NOTE
r-devel-linux-x86_64-fedora-gcc 1.0.7 35.50 OK
r-devel-windows-x86_64 1.0.7 6.00 32.00 38.00 OK
r-devel-windows-x86_64-gcc10-UCRT 1.0.7 OK
r-patched-linux-x86_64 1.0.7 4.14 25.95 30.09 OK
r-patched-solaris-x86 1.0.7 54.20 OK
r-release-linux-x86_64 1.0.7 3.66 25.72 29.38 OK
r-release-macos-arm64 1.0.7 OK
r-release-macos-x86_64 1.0.7 OK
r-release-windows-ix86+x86_64 1.0.7 8.00 35.00 43.00 OK
r-oldrel-macos-x86_64 1.0.7 OK
r-oldrel-windows-ix86+x86_64 1.0.7 8.00 32.00 40.00 OK

Check Details

Version: 1.0.7
Check: Rd cross-references
Result: NOTE
    Undeclared package ‘qdap’ in Rd xrefs
Flavor: r-devel-linux-x86_64-fedora-clang