CRAN Package Check Results for Package qcapower

Last updated on 2022-01-16 10:48:41 CET.

Flavor Version Tinstall Tcheck Ttotal Status Flags
r-devel-linux-x86_64-debian-clang 0.1.0 4.97 71.01 75.98 OK
r-devel-linux-x86_64-debian-gcc 0.1.0 3.85 52.00 55.85 OK
r-devel-linux-x86_64-fedora-clang 0.1.0 91.15 NOTE
r-devel-linux-x86_64-fedora-gcc 0.1.0 77.57 NOTE
r-devel-windows-x86_64-new-UL 0.1.0 28.00 93.00 121.00 OK
r-devel-windows-x86_64-new-TK 0.1.0 NOTE
r-patched-linux-x86_64 0.1.0 5.04 63.05 68.09 OK
r-release-linux-x86_64 0.1.0 OK
r-release-macos-arm64 0.1.0 NOTE
r-release-macos-x86_64 0.1.0 NOTE
r-release-windows-ix86+x86_64 0.1.0 16.00 80.00 96.00 OK
r-oldrel-macos-x86_64 0.1.0 NOTE
r-oldrel-windows-ix86+x86_64 0.1.0 16.00 80.00 96.00 OK

Check Details

Version: 0.1.0
Check: dependencies in R code
Result: NOTE
    Namespace in Imports field not imported from: ‘devtools’
     All declared Imports should be used.
Flavors: r-devel-linux-x86_64-fedora-clang, r-devel-linux-x86_64-fedora-gcc, r-devel-windows-x86_64-new-TK, r-release-macos-arm64, r-release-macos-x86_64, r-oldrel-macos-x86_64