CRAN Package Check Results for Package pubtatordb

Last updated on 2021-10-18 09:54:54 CEST.

Flavor Version Tinstall Tcheck Ttotal Status Flags
r-devel-linux-x86_64-debian-clang 0.1.4 2.28 27.07 29.35 NOTE
r-devel-linux-x86_64-debian-gcc 0.1.4 2.01 21.12 23.13 NOTE
r-devel-linux-x86_64-fedora-clang 0.1.4 46.00 NOTE
r-devel-linux-x86_64-fedora-gcc 0.1.4 35.76 NOTE
r-devel-windows-x86_64 0.1.4 4.00 40.00 44.00 NOTE
r-devel-windows-x86_64-gcc10-UCRT 0.1.4 NOTE
r-patched-linux-x86_64 0.1.4 2.51 26.07 28.58 NOTE
r-patched-solaris-x86 0.1.4 55.10 NOTE
r-release-linux-x86_64 0.1.4 2.43 25.92 28.35 NOTE
r-release-macos-arm64 0.1.4 NOTE
r-release-macos-x86_64 0.1.4 NOTE
r-release-windows-ix86+x86_64 0.1.4 13.00 44.00 57.00 NOTE
r-oldrel-macos-x86_64 0.1.4 OK
r-oldrel-windows-ix86+x86_64 0.1.4 7.00 43.00 50.00 OK

Check Details

Version: 0.1.4
Check: LazyData
Result: NOTE
     'LazyData' is specified without a 'data' directory
Flavors: r-devel-linux-x86_64-debian-clang, r-devel-linux-x86_64-debian-gcc, r-devel-linux-x86_64-fedora-clang, r-devel-linux-x86_64-fedora-gcc, r-devel-windows-x86_64, r-devel-windows-x86_64-gcc10-UCRT, r-patched-linux-x86_64, r-patched-solaris-x86, r-release-linux-x86_64, r-release-macos-arm64, r-release-macos-x86_64, r-release-windows-ix86+x86_64