CRAN Package Check Results for Package ptmixed

Last updated on 2021-10-20 09:55:18 CEST.

Flavor Version Tinstall Tcheck Ttotal Status Flags
r-devel-linux-x86_64-debian-clang 1.0.3 3.59 340.93 344.52 OK
r-devel-linux-x86_64-debian-gcc 1.0.3 3.12 244.88 248.00 OK
r-devel-linux-x86_64-fedora-clang 1.0.3 399.72 OK
r-devel-linux-x86_64-fedora-gcc 1.0.3 394.38 OK
r-devel-windows-x86_64 1.0.3 9.00 335.00 344.00 OK
r-devel-windows-x86_64-gcc10-UCRT 1.0.3 OK
r-patched-linux-x86_64 1.0.3 4.70 319.01 323.71 OK
r-patched-solaris-x86 1.0.3 400.90 OK
r-release-linux-x86_64 1.0.3 4.30 316.61 320.91 OK
r-release-macos-arm64 1.0.3 ERROR
r-release-macos-x86_64 1.0.3 ERROR
r-release-windows-ix86+x86_64 1.0.3 6.00 388.00 394.00 OK
r-oldrel-macos-x86_64 1.0.3 ERROR
r-oldrel-windows-ix86+x86_64 1.0.3 9.00 419.00 428.00 OK

Check Details

Version: 1.0.3
Check: package dependencies
Result: ERROR
    Package required but not available: ‘tweeDEseq’
    
    See section ‘The DESCRIPTION file’ in the ‘Writing R Extensions’
    manual.
Flavors: r-release-macos-arm64, r-release-macos-x86_64, r-oldrel-macos-x86_64