Last updated on 2024-04-19 10:57:36 CEST.
Flavor | Version | Tinstall | Tcheck | Ttotal | Status | Flags |
---|---|---|---|---|---|---|
r-devel-linux-x86_64-debian-clang | 1.0.1 | 2.95 | 73.96 | 76.91 | OK | |
r-devel-linux-x86_64-debian-gcc | 1.0.1 | OK | ||||
r-devel-linux-x86_64-fedora-clang | 1.0.1 | 94.38 | NOTE | |||
r-devel-linux-x86_64-fedora-gcc | 1.0.1 | 104.41 | NOTE | |||
r-prerel-macos-arm64 | 1.0.1 | 37.00 | OK | |||
r-prerel-windows-x86_64 | 1.0.1 | 5.00 | 98.00 | 103.00 | OK | |
r-patched-linux-x86_64 | 1.0.1 | 2.29 | 70.17 | 72.46 | OK | |
r-release-linux-x86_64 | 1.0.1 | 2.08 | 69.11 | 71.19 | OK | |
r-release-macos-arm64 | 1.0.1 | 40.00 | OK | |||
r-release-macos-x86_64 | 1.0.1 | 63.00 | OK | |||
r-release-windows-x86_64 | 1.0.1 | 6.00 | 85.00 | 91.00 | OK | |
r-oldrel-macos-arm64 | 1.0.1 | 49.00 | NOTE | |||
r-oldrel-windows-x86_64 | 1.0.1 | 6.00 | 82.00 | 88.00 | OK |
Version: 1.0.1
Check: dependencies in R code
Result: NOTE
Namespaces in Imports field not imported from:
‘devtools’ ‘qpdf’
All declared Imports should be used.
Flavors: r-devel-linux-x86_64-fedora-clang, r-devel-linux-x86_64-fedora-gcc, r-oldrel-macos-arm64