CRAN Package Check Results for Package ps

Last updated on 2021-09-19 09:50:34 CEST.

Flavor Version Tinstall Tcheck Ttotal Status Flags
r-devel-linux-x86_64-debian-clang 1.6.0 8.41 47.78 56.19 OK
r-devel-linux-x86_64-debian-gcc 1.6.0 5.23 37.78 43.01 OK
r-devel-linux-x86_64-fedora-clang 1.6.0 78.38 OK
r-devel-linux-x86_64-fedora-gcc 1.6.0 67.80 OK
r-devel-windows-x86_64 1.6.0 35.00 100.00 135.00 ERROR
r-devel-windows-x86_64-gcc10-UCRT 1.6.0 ERROR
r-patched-linux-x86_64 1.6.0 8.62 46.73 55.35 OK
r-patched-solaris-x86 1.6.0 65.80 OK
r-release-linux-x86_64 1.6.0 6.42 46.62 53.04 OK
r-release-macos-arm64 1.6.0 OK
r-release-macos-x86_64 1.6.0 OK
r-release-windows-ix86+x86_64 1.6.0 63.00 85.00 148.00 OK
r-oldrel-macos-x86_64 1.6.0 OK
r-oldrel-windows-ix86+x86_64 1.6.0 59.00 85.00 144.00 OK

Check Details

Version: 1.6.0
Check: tests
Result: ERROR
     Running 'testthat.R' [40s]
    Running the tests in 'tests/testthat.R' failed.
    Complete output:
     > library(testthat)
     > library(ps)
     >
     > if (ps::ps_is_supported() && Sys.getenv("R_COVR", "") != "true" &&
     + Sys.getenv("NOT_CRAN") != "" ) {
     + reporter <- ps::CleanupReporter(testthat::SummaryReporter)$new()
     + } else {
     + ## ps does not support this platform
     + reporter <- "progress"
     + }
     >
     > if (ps_is_supported()) test_check("ps", reporter = reporter)
     v | OK F W S | Context
    
     / | 0 | cleanup-reporter
     / | 0 | cleanup testthat reporter
     - | 1 | cleanup testthat reporter
     \ | 2 | cleanup testthat reporter
     - | 5 | cleanup testthat reporter
     - | 9 | cleanup testthat reporter
     / | 12 | cleanup testthat reporter
     | | 15 | cleanup testthat reporter
     - | 17 | cleanup testthat reporter
     \ | 18 | cleanup testthat reporter
     \ | 22 | cleanup testthat reporter
     \ | 26 | cleanup testthat reporter
     - | 29 | cleanup testthat reporter
     - | 33 | cleanup testthat reporter
     - | 37 | cleanup testthat reporter
     - | 41 | cleanup testthat reporter
     - | 45 | cleanup testthat reporter
     / | 48 | cleanup testthat reporter
     / | 52 | cleanup testthat reporter
     / | 55 1 | cleanup testthat reporter
     | | 56 3 | cleanup testthat reporter
     | | 60 3 | cleanup testthat reporter
     x | 63 3 | cleanup testthat reporter [23.9 s]
     --------------------------------------------------------------------------------
     Failure (test-cleanup-reporter.R:359:3): Network cleanup, test, fail
     Expectation did not fail
    
     Failure (test-cleanup-reporter.R:373:3): Network cleanup, test, fail
     out$open is not TRUE
    
     `actual` is NULL
     `expected` is a logical vector (TRUE)
    
     Error (test-cleanup-reporter.R:374:3): Network cleanup, test, fail
     Error: invalid connection
     Backtrace:
     1. testthat::expect_true(isOpen(out$conn)) test-cleanup-reporter.R:374:2
     4. base::isOpen(out$conn)
     --------------------------------------------------------------------------------
    
     / | 0 | common
     / | 0 | common
     / | 12 | common
     - | 21 | common
     | | 27 | common
     / | 40 | common
     / | 48 | common
     | | 55 | common
     v | 57 3 | common [3.2 s]
     --------------------------------------------------------------------------------
     Skip (test-common.R:264:3): num_fds
     Reason: On CRAN
    
     Skip (test-common.R:280:3): open_files
     Reason: On CRAN
    
     Skip (test-common.R:297:3): interrupt
     Reason: On CRAN
     --------------------------------------------------------------------------------
    
     / | 0 | connections
     / | 0 | connections
     \ | 4 2 | connections
     | | 5 2 | connections
     \ | 10 4 | connections
     \ | 10 8 | connections
     v | 10 9 | connections [0.7 s]
     --------------------------------------------------------------------------------
     Skip (test-connections.R:22:3): UNIX sockets
     Reason: No UNIX sockets
    
     Skip (test-connections.R:44:3): UNIX sockets with path
     Reason: No UNIX sockets
    
     Skip (test-connections.R:83:3): TCP on loopback
     Reason: socat is not available
    
     Skip (test-connections.R:117:3): UDP
     Reason: socat is not available
    
     Skip (test-connections.R:141:3): UDP on loopback
     Reason: socat is not available
    
     Skip (test-connections.R:174:3): TCP6
     Reason: socat is not available
    
     Skip (test-connections.R:195:3): TCP6 on loopback
     Reason: socat is not available
    
     Skip (test-connections.R:234:3): UDP6
     Reason: Needs working IPv6 connection
    
     Skip (test-connections.R:259:3): UDP6 on loopback
     Reason: socat is not available
     --------------------------------------------------------------------------------
    
     / | 0 | finished
     / | 0 | process finished
     v | 0 1 | process finished
     --------------------------------------------------------------------------------
     Skip (test-finished.R:5:3): process already finished
     Reason: On CRAN
     --------------------------------------------------------------------------------
    
     / | 0 | kill-tree
     / | 0 | kill-tree
     v | 4 7 | kill-tree
     --------------------------------------------------------------------------------
     Skip (test-kill-tree.R:14:3): kill_tree
     Reason: On CRAN
    
     Skip (test-kill-tree.R:61:3): kill_tree, grandchild
     Reason: On CRAN
    
     Skip (test-kill-tree.R:129:3): kill_tree, orphaned grandchild
     Reason: On CRAN
    
     Skip (test-kill-tree.R:157:3): with_process_cleanup
     Reason: On CRAN
    
     Skip (test-kill-tree.R:184:3): find_tree
     Reason: On CRAN
    
     Skip (test-kill-tree.R:209:3): find_tree, grandchild
     Reason: On CRAN
    
     Skip (test-kill-tree.R:257:3): find_tree, orphaned grandchild
     Reason: On CRAN
     --------------------------------------------------------------------------------
    
     / | 0 | linux
     / | 0 | macos
     / | 0 | pid-reuse
     / | 0 | pid reuse
     | | 23 | pid reuse
     - | 57 | pid reuse
     v | 62 | pid reuse [0.2 s]
    
     / | 0 | posix-zombie
     / | 0 | posix
     / | 0 | system
     / | 0 | system
     | | 3 | system
     - | 5 | system
     \ | 6 | system psutil-debug> GetActiveProcessorCount() not available; using GetNativeSystemInfo()
    
     v | 18 | system [10.8 s]
    
     / | 0 | utils
     / | 0 | utils
     v | 16 | utils
    
     / | 0 | windows
     / | 0 | windows
     v | 7 | windows
    
     / | 0 | winver
     / | 0 | winver
     v | 6 | winver
    
     == Results =====================================================================
     Duration: 39.2 s
    
     -- Skipped tests --------------------------------------------------------------
     * Needs working IPv6 connection (1)
     * No UNIX sockets (2)
     * On CRAN (11)
     * socat is not available (6)
    
     [ FAIL 3 | WARN 0 | SKIP 20 | PASS 243 ]
     Error: Test failures
     Execution halted
Flavor: r-devel-windows-x86_64

Version: 1.6.0
Check: whether package can be installed
Result: ERROR
    Installation failed.
Flavor: r-devel-windows-x86_64-gcc10-UCRT