CRAN Package Check Results for Package provViz

Last updated on 2021-10-22 09:53:15 CEST.

Flavor Version Tinstall Tcheck Ttotal Status Flags
r-devel-linux-x86_64-debian-clang 1.0.7 1.99 18.40 20.39 NOTE
r-devel-linux-x86_64-debian-gcc 1.0.7 1.74 14.98 16.72 NOTE
r-devel-linux-x86_64-fedora-clang 1.0.7 37.79 NOTE
r-devel-linux-x86_64-fedora-gcc 1.0.7 25.90 NOTE
r-devel-windows-x86_64 1.0.7 4.00 35.00 39.00 NOTE
r-devel-windows-x86_64-gcc10-UCRT 1.0.7 NOTE
r-patched-linux-x86_64 1.0.7 2.14 18.33 20.47 NOTE
r-patched-solaris-x86 1.0.7 41.20 NOTE
r-release-linux-x86_64 1.0.7 1.90 18.23 20.13 NOTE
r-release-macos-arm64 1.0.7 NOTE
r-release-macos-x86_64 1.0.7 NOTE
r-release-windows-ix86+x86_64 1.0.7 4.00 37.00 41.00 NOTE
r-oldrel-macos-x86_64 1.0.7 NOTE
r-oldrel-windows-ix86+x86_64 1.0.7 5.00 36.00 41.00 NOTE

Check Details

Version: 1.0.7
Check: package dependencies
Result: NOTE
    Package suggested but not available for checking: 'rdt'
Flavors: r-devel-linux-x86_64-debian-clang, r-devel-linux-x86_64-debian-gcc, r-devel-linux-x86_64-fedora-clang, r-devel-linux-x86_64-fedora-gcc, r-devel-windows-x86_64, r-devel-windows-x86_64-gcc10-UCRT, r-patched-linux-x86_64, r-patched-solaris-x86, r-release-linux-x86_64, r-release-macos-arm64, r-release-macos-x86_64, r-release-windows-ix86+x86_64, r-oldrel-macos-x86_64, r-oldrel-windows-ix86+x86_64