Last updated on 2024-04-23 10:54:13 CEST.
Flavor | Version | Tinstall | Tcheck | Ttotal | Status | Flags |
---|---|---|---|---|---|---|
r-devel-linux-x86_64-debian-clang | 1.0.9 | 2.10 | 20.33 | 22.43 | NOTE | |
r-devel-linux-x86_64-debian-gcc | 1.0.9 | 1.53 | 15.74 | 17.27 | NOTE | |
r-devel-linux-x86_64-fedora-clang | 1.0.9 | 29.45 | NOTE | |||
r-devel-linux-x86_64-fedora-gcc | 1.0.9 | 28.45 | NOTE | |||
r-prerel-macos-arm64 | 1.0.9 | 15.00 | NOTE | |||
r-prerel-windows-x86_64 | 1.0.9 | 3.00 | 37.00 | 40.00 | NOTE | |
r-patched-linux-x86_64 | 1.0.9 | 2.19 | 19.79 | 21.98 | NOTE | |
r-release-linux-x86_64 | 1.0.9 | 2.11 | 19.67 | 21.78 | NOTE | |
r-release-macos-arm64 | 1.0.9 | 14.00 | NOTE | |||
r-release-macos-x86_64 | 1.0.9 | 20.00 | NOTE | |||
r-release-windows-x86_64 | 1.0.9 | 3.00 | 36.00 | 39.00 | NOTE | |
r-oldrel-macos-arm64 | 1.0.9 | 15.00 | NOTE | |||
r-oldrel-windows-x86_64 | 1.0.9 | 4.00 | 41.00 | 45.00 | NOTE |
Version: 1.0.9
Check: package dependencies
Result: NOTE
Package suggested but not available for checking: ‘rdt’
Flavors: r-devel-linux-x86_64-debian-clang, r-devel-linux-x86_64-debian-gcc, r-devel-linux-x86_64-fedora-clang, r-devel-linux-x86_64-fedora-gcc, r-prerel-macos-arm64, r-prerel-windows-x86_64, r-patched-linux-x86_64, r-release-linux-x86_64, r-release-macos-arm64, r-release-macos-x86_64, r-release-windows-x86_64, r-oldrel-macos-arm64, r-oldrel-windows-x86_64