CRAN Package Check Results for Package provSummarizeR

Last updated on 2021-10-25 09:55:30 CEST.

Flavor Version Tinstall Tcheck Ttotal Status Flags
r-devel-linux-x86_64-debian-clang 1.4.2 2.23 26.03 28.26 NOTE
r-devel-linux-x86_64-debian-gcc 1.4.2 1.80 20.32 22.12 NOTE
r-devel-linux-x86_64-fedora-clang 1.4.2 45.42 NOTE
r-devel-linux-x86_64-fedora-gcc 1.4.2 44.57 NOTE
r-devel-windows-x86_64 1.4.2 5.00 33.00 38.00 NOTE
r-devel-windows-x86_64-gcc10-UCRT 1.4.2 NOTE
r-patched-linux-x86_64 1.4.2 2.06 24.85 26.91 NOTE
r-patched-solaris-x86 1.4.2 53.10 NOTE
r-release-linux-x86_64 1.4.2 2.13 24.81 26.94 NOTE
r-release-macos-arm64 1.4.2 NOTE
r-release-macos-x86_64 1.4.2 NOTE
r-release-windows-ix86+x86_64 1.4.2 4.00 46.00 50.00 NOTE
r-oldrel-macos-x86_64 1.4.2 NOTE
r-oldrel-windows-ix86+x86_64 1.4.2 6.00 44.00 50.00 NOTE

Check Details

Version: 1.4.2
Check: package dependencies
Result: NOTE
    Package suggested but not available for checking: 'rdt'
Flavors: r-devel-linux-x86_64-debian-clang, r-devel-linux-x86_64-debian-gcc, r-devel-linux-x86_64-fedora-clang, r-devel-linux-x86_64-fedora-gcc, r-devel-windows-x86_64, r-devel-windows-x86_64-gcc10-UCRT, r-patched-linux-x86_64, r-patched-solaris-x86, r-release-linux-x86_64, r-release-macos-arm64, r-release-macos-x86_64, r-release-windows-ix86+x86_64, r-oldrel-macos-x86_64, r-oldrel-windows-ix86+x86_64

Version: 1.4.2
Check: LazyData
Result: NOTE
     'LazyData' is specified without a 'data' directory
Flavors: r-devel-linux-x86_64-debian-clang, r-devel-linux-x86_64-debian-gcc, r-devel-linux-x86_64-fedora-clang, r-devel-linux-x86_64-fedora-gcc, r-devel-windows-x86_64, r-devel-windows-x86_64-gcc10-UCRT, r-patched-linux-x86_64, r-patched-solaris-x86, r-release-linux-x86_64, r-release-macos-arm64, r-release-macos-x86_64, r-release-windows-ix86+x86_64