CRAN Package Check Results for Package provParseR

Last updated on 2021-10-21 09:55:02 CEST.

Flavor Version Tinstall Tcheck Ttotal Status Flags
r-devel-linux-x86_64-debian-clang 0.3 2.69 27.02 29.71 NOTE
r-devel-linux-x86_64-debian-gcc 0.3 2.10 21.20 23.30 NOTE
r-devel-linux-x86_64-fedora-clang 0.3 47.27 NOTE
r-devel-linux-x86_64-fedora-gcc 0.3 36.66 NOTE
r-devel-windows-x86_64 0.3 5.00 44.00 49.00 NOTE
r-devel-windows-x86_64-gcc10-UCRT 0.3 NOTE
r-patched-linux-x86_64 0.3 2.53 26.18 28.71 NOTE
r-patched-solaris-x86 0.3 56.70 NOTE
r-release-linux-x86_64 0.3 2.80 25.93 28.73 NOTE
r-release-macos-arm64 0.3 NOTE
r-release-macos-x86_64 0.3 NOTE
r-release-windows-ix86+x86_64 0.3 5.00 44.00 49.00 NOTE
r-oldrel-macos-x86_64 0.3 OK
r-oldrel-windows-ix86+x86_64 0.3 7.00 45.00 52.00 OK

Check Details

Version: 0.3
Check: LazyData
Result: NOTE
     'LazyData' is specified without a 'data' directory
Flavors: r-devel-linux-x86_64-debian-clang, r-devel-linux-x86_64-debian-gcc, r-devel-linux-x86_64-fedora-clang, r-devel-linux-x86_64-fedora-gcc, r-devel-windows-x86_64, r-devel-windows-x86_64-gcc10-UCRT, r-patched-linux-x86_64, r-patched-solaris-x86, r-release-linux-x86_64, r-release-macos-arm64, r-release-macos-x86_64, r-release-windows-ix86+x86_64