CRAN Package Check Results for Package provDebugR

Last updated on 2021-10-23 10:57:02 CEST.

Flavor Version Tinstall Tcheck Ttotal Status Flags
r-devel-linux-x86_64-debian-clang 1.0.1 3.85 51.72 55.57 NOTE
r-devel-linux-x86_64-debian-gcc 1.0.1 2.65 38.19 40.84 NOTE
r-devel-linux-x86_64-fedora-clang 1.0.1 79.14 NOTE
r-devel-linux-x86_64-fedora-gcc 1.0.1 65.63 NOTE
r-devel-windows-x86_64 1.0.1 7.00 58.00 65.00 NOTE
r-devel-windows-x86_64-gcc10-UCRT 1.0.1 NOTE
r-patched-linux-x86_64 1.0.1 4.36 50.80 55.16 NOTE
r-patched-solaris-x86 1.0.1 93.00 NOTE
r-release-linux-x86_64 1.0.1 3.31 51.26 54.57 NOTE
r-release-macos-arm64 1.0.1 NOTE
r-release-macos-x86_64 1.0.1 NOTE
r-release-windows-ix86+x86_64 1.0.1 6.00 76.00 82.00 NOTE
r-oldrel-macos-x86_64 1.0.1 NOTE
r-oldrel-windows-ix86+x86_64 1.0.1 9.00 75.00 84.00 NOTE

Check Details

Version: 1.0.1
Check: package dependencies
Result: NOTE
    Package suggested but not available for checking: 'rdt'
Flavors: r-devel-linux-x86_64-debian-clang, r-devel-linux-x86_64-debian-gcc, r-devel-linux-x86_64-fedora-clang, r-devel-linux-x86_64-fedora-gcc, r-devel-windows-x86_64, r-devel-windows-x86_64-gcc10-UCRT, r-patched-linux-x86_64, r-patched-solaris-x86, r-release-linux-x86_64, r-release-macos-arm64, r-release-macos-x86_64, r-release-windows-ix86+x86_64, r-oldrel-macos-x86_64, r-oldrel-windows-ix86+x86_64