CRAN Package Check Results for Package propr

Last updated on 2021-07-25 09:50:30 CEST.

Flavor Version Tinstall Tcheck Ttotal Status Flags
r-devel-linux-x86_64-debian-clang 4.2.6 74.31 148.25 222.56 NOTE
r-devel-linux-x86_64-debian-gcc 4.2.6 52.44 107.78 160.22 NOTE
r-devel-linux-x86_64-fedora-clang 4.2.6 303.47 NOTE
r-devel-linux-x86_64-fedora-gcc 4.2.6 288.20 NOTE
r-devel-windows-x86_64 4.2.6 70.00 150.00 220.00 OK
r-devel-windows-x86_64-gcc10-UCRT 4.2.6 NOTE
r-patched-linux-x86_64 4.2.6 65.83 142.59 208.42 NOTE
r-patched-solaris-x86 4.2.6 336.80 NOTE
r-release-linux-x86_64 4.2.6 61.79 141.89 203.68 NOTE
r-release-macos-arm64 4.2.6 NOTE
r-release-macos-x86_64 4.2.6 NOTE
r-release-windows-ix86+x86_64 4.2.6 173.00 206.00 379.00 NOTE
r-oldrel-macos-x86_64 4.2.6 NOTE
r-oldrel-windows-ix86+x86_64 4.2.6 179.00 222.00 401.00 NOTE

Check Details

Version: 4.2.6
Check: package dependencies
Result: NOTE
    Package suggested but not available for checking: 'SDMTools'
Flavors: r-devel-linux-x86_64-debian-clang, r-devel-linux-x86_64-debian-gcc, r-devel-linux-x86_64-fedora-clang, r-devel-linux-x86_64-fedora-gcc, r-devel-windows-x86_64-gcc10-UCRT, r-patched-linux-x86_64, r-patched-solaris-x86, r-release-linux-x86_64

Version: 4.2.6
Check: installed package size
Result: NOTE
     installed size is 6.2Mb
     sub-directories of 1Mb or more:
     data 1.5Mb
     doc 1.4Mb
     libs 2.8Mb
Flavors: r-devel-linux-x86_64-fedora-clang, r-release-macos-arm64, r-release-macos-x86_64, r-release-windows-ix86+x86_64, r-oldrel-macos-x86_64, r-oldrel-windows-ix86+x86_64

Version: 4.2.6
Check: dependencies in R code
Result: NOTE
    Namespace in Imports field not imported from: ‘utils’
     All declared Imports should be used.
Flavors: r-devel-linux-x86_64-fedora-clang, r-devel-linux-x86_64-fedora-gcc, r-devel-windows-x86_64-gcc10-UCRT, r-patched-solaris-x86, r-release-macos-arm64, r-release-macos-x86_64, r-oldrel-macos-x86_64

Version: 4.2.6
Check: package dependencies
Result: NOTE
    Packages suggested but not available for checking: 'ALDEx2', 'SDMTools'
Flavors: r-release-macos-arm64, r-release-macos-x86_64, r-oldrel-macos-x86_64