CRAN Package Check Results for Package prompt

Last updated on 2021-10-18 09:54:53 CEST.

Flavor Version Tinstall Tcheck Ttotal Status Flags
r-devel-linux-x86_64-debian-clang 1.0.1 2.76 29.07 31.83 NOTE
r-devel-linux-x86_64-debian-gcc 1.0.1 2.21 22.83 25.04 NOTE
r-devel-linux-x86_64-fedora-clang 1.0.1 48.74 NOTE
r-devel-linux-x86_64-fedora-gcc 1.0.1 38.26 NOTE
r-devel-windows-x86_64 1.0.1 6.00 47.00 53.00 NOTE
r-devel-windows-x86_64-gcc10-UCRT 1.0.1 NOTE
r-patched-linux-x86_64 1.0.1 3.20 28.56 31.76 NOTE
r-patched-solaris-x86 1.0.1 60.40 NOTE
r-release-linux-x86_64 1.0.1 2.87 28.59 31.46 NOTE
r-release-macos-arm64 1.0.1 NOTE
r-release-macos-x86_64 1.0.1 NOTE
r-release-windows-ix86+x86_64 1.0.1 5.00 47.00 52.00 NOTE
r-oldrel-macos-x86_64 1.0.1 OK
r-oldrel-windows-ix86+x86_64 1.0.1 6.00 47.00 53.00 OK

Check Details

Version: 1.0.1
Check: LazyData
Result: NOTE
     'LazyData' is specified without a 'data' directory
Flavors: r-devel-linux-x86_64-debian-clang, r-devel-linux-x86_64-debian-gcc, r-devel-linux-x86_64-fedora-clang, r-devel-linux-x86_64-fedora-gcc, r-devel-windows-x86_64, r-devel-windows-x86_64-gcc10-UCRT, r-patched-linux-x86_64, r-patched-solaris-x86, r-release-linux-x86_64, r-release-macos-arm64, r-release-macos-x86_64, r-release-windows-ix86+x86_64