CRAN Package Check Results for Package projpred

Last updated on 2021-07-25 09:50:30 CEST.

Flavor Version Tinstall Tcheck Ttotal Status Flags
r-devel-linux-x86_64-debian-clang 2.0.2 53.76 328.38 382.14 OK
r-devel-linux-x86_64-debian-gcc 2.0.2 38.43 234.01 272.44 OK
r-devel-linux-x86_64-fedora-clang 2.0.2 467.05 NOTE
r-devel-linux-x86_64-fedora-gcc 2.0.2 483.09 NOTE
r-devel-windows-x86_64 2.0.2 53.00 286.00 339.00 OK
r-devel-windows-x86_64-gcc10-UCRT 2.0.2 NOTE
r-patched-linux-x86_64 2.0.2 45.58 306.28 351.86 OK
r-patched-solaris-x86 2.0.2 542.40 NOTE
r-release-linux-x86_64 2.0.2 42.71 311.36 354.07 OK
r-release-macos-arm64 2.0.2 NOTE
r-release-macos-x86_64 2.0.2 NOTE
r-release-windows-ix86+x86_64 2.0.2 115.00 600.00 715.00 OK
r-oldrel-macos-x86_64 2.0.2 NOTE
r-oldrel-windows-ix86+x86_64 2.0.2 119.00 604.00 723.00 OK

Check Details

Version: 2.0.2
Check: dependencies in R code
Result: NOTE
    Namespaces in Imports field not imported from:
     ‘MASS’ ‘optimx’ ‘tidyverse’
     All declared Imports should be used.
Flavors: r-devel-linux-x86_64-fedora-clang, r-devel-linux-x86_64-fedora-gcc, r-devel-windows-x86_64-gcc10-UCRT, r-patched-solaris-x86, r-release-macos-arm64, r-release-macos-x86_64, r-oldrel-macos-x86_64