CRAN Package Check Results for Package printr

Last updated on 2021-09-24 09:54:32 CEST.

Flavor Version Tinstall Tcheck Ttotal Status Flags
r-devel-linux-x86_64-debian-clang 0.1.1 2.04 118.27 120.31 NOTE
r-devel-linux-x86_64-debian-gcc 0.1.1 1.63 78.61 80.24 NOTE
r-devel-linux-x86_64-fedora-clang 0.1.1 141.43 NOTE
r-devel-linux-x86_64-fedora-gcc 0.1.1 125.43 NOTE
r-devel-windows-x86_64 0.1.1 4.00 174.00 178.00 NOTE
r-devel-windows-x86_64-gcc10-UCRT 0.1.1 NOTE
r-patched-linux-x86_64 0.1.1 1.99 27.51 29.50 NOTE
r-patched-solaris-x86 0.1.1 56.30 NOTE
r-release-linux-x86_64 0.1.1 1.79 27.67 29.46 NOTE
r-release-macos-arm64 0.1.1 NOTE
r-release-macos-x86_64 0.1.1 NOTE
r-release-windows-ix86+x86_64 0.1.1 5.00 36.00 41.00 NOTE
r-oldrel-macos-x86_64 0.1.1 OK
r-oldrel-windows-ix86+x86_64 0.1.1 5.00 35.00 40.00 OK

Check Details

Version: 0.1.1
Check: LazyData
Result: NOTE
     'LazyData' is specified without a 'data' directory
Flavors: r-devel-linux-x86_64-debian-clang, r-devel-linux-x86_64-debian-gcc, r-devel-linux-x86_64-fedora-clang, r-devel-linux-x86_64-fedora-gcc, r-devel-windows-x86_64, r-devel-windows-x86_64-gcc10-UCRT, r-patched-linux-x86_64, r-patched-solaris-x86, r-release-linux-x86_64, r-release-macos-arm64, r-release-macos-x86_64, r-release-windows-ix86+x86_64