CRAN Package Check Results for Package prWarp

Last updated on 2021-09-22 09:52:41 CEST.

Flavor Version Tinstall Tcheck Ttotal Status Flags
r-devel-linux-x86_64-debian-clang 1.0.0 7.40 134.53 141.93 OK
r-devel-linux-x86_64-debian-gcc 1.0.0 6.74 97.99 104.73 OK
r-devel-linux-x86_64-fedora-clang 1.0.0 176.56 OK
r-devel-linux-x86_64-fedora-gcc 1.0.0 160.67 OK
r-devel-windows-x86_64 1.0.0 11.00 114.00 125.00 OK
r-devel-windows-x86_64-gcc10-UCRT 1.0.0 ERROR
r-patched-linux-x86_64 1.0.0 8.05 126.58 134.63 OK
r-patched-solaris-x86 1.0.0 154.40 OK
r-release-linux-x86_64 1.0.0 8.95 126.78 135.73 OK
r-release-macos-arm64 1.0.0 OK
r-release-macos-x86_64 1.0.0 OK
r-release-windows-ix86+x86_64 1.0.0 19.00 118.00 137.00 OK
r-oldrel-macos-x86_64 1.0.0 OK
r-oldrel-windows-ix86+x86_64 1.0.0 16.00 117.00 133.00 OK

Check Details

Version: 1.0.0
Check: package dependencies
Result: ERROR
    Package required but not available: 'Morpho'
    
    Package suggested but not available for checking: 'geomorph'
    
    See section 'The DESCRIPTION file' in the 'Writing R Extensions'
    manual.
Flavor: r-devel-windows-x86_64-gcc10-UCRT