CRAN Package Check Results for Package ppcong

Last updated on 2021-09-17 09:53:32 CEST.

Flavor Version Tinstall Tcheck Ttotal Status Flags
r-devel-linux-x86_64-debian-clang 0.0.2 2.18 24.61 26.79 NOTE
r-devel-linux-x86_64-debian-gcc 0.0.2 1.86 19.30 21.16 NOTE
r-devel-linux-x86_64-fedora-clang 0.0.2 41.84 NOTE
r-devel-linux-x86_64-fedora-gcc 0.0.2 30.87 NOTE
r-devel-windows-x86_64 0.0.2 3.00 40.00 43.00 NOTE
r-devel-windows-x86_64-gcc10-UCRT 0.0.2 NOTE
r-patched-linux-x86_64 0.0.2 2.50 23.77 26.27 NOTE
r-patched-solaris-x86 0.0.2 48.80 NOTE
r-release-linux-x86_64 0.0.2 2.34 23.37 25.71 NOTE
r-release-macos-arm64 0.0.2 NOTE
r-release-macos-x86_64 0.0.2 NOTE
r-release-windows-ix86+x86_64 0.0.2 6.00 32.00 38.00 NOTE
r-oldrel-macos-x86_64 0.0.2 OK
r-oldrel-windows-ix86+x86_64 0.0.2 6.00 38.00 44.00 OK

Check Details

Version: 0.0.2
Check: LazyData
Result: NOTE
     'LazyData' is specified without a 'data' directory
Flavors: r-devel-linux-x86_64-debian-clang, r-devel-linux-x86_64-debian-gcc, r-devel-linux-x86_64-fedora-clang, r-devel-linux-x86_64-fedora-gcc, r-devel-windows-x86_64, r-devel-windows-x86_64-gcc10-UCRT, r-patched-linux-x86_64, r-patched-solaris-x86, r-release-linux-x86_64, r-release-macos-arm64, r-release-macos-x86_64, r-release-windows-ix86+x86_64