CRAN Package Check Results for Package powerbydesign

Last updated on 2021-08-04 09:55:04 CEST.

Flavor Version Tinstall Tcheck Ttotal Status Flags
r-devel-linux-x86_64-debian-clang 1.0.5 2.31 28.11 30.42 NOTE
r-devel-linux-x86_64-debian-gcc 1.0.5 1.74 22.12 23.86 NOTE
r-devel-linux-x86_64-fedora-clang 1.0.5 45.88 NOTE
r-devel-linux-x86_64-fedora-gcc 1.0.5 34.96 NOTE
r-devel-windows-x86_64 1.0.5 3.00 46.00 49.00 NOTE
r-devel-windows-x86_64-gcc10-UCRT 1.0.5 NOTE
r-patched-linux-x86_64 1.0.5 2.43 26.96 29.39 NOTE
r-patched-solaris-x86 1.0.5 55.70 NOTE
r-release-linux-x86_64 1.0.5 2.25 27.00 29.25 NOTE
r-release-macos-arm64 1.0.5 NOTE
r-release-macos-x86_64 1.0.5 NOTE
r-release-windows-ix86+x86_64 1.0.5 6.00 46.00 52.00 NOTE
r-oldrel-macos-x86_64 1.0.5 OK
r-oldrel-windows-ix86+x86_64 1.0.5 5.00 47.00 52.00 OK

Check Details

Version: 1.0.5
Check: LazyData
Result: NOTE
     'LazyData' is specified without a 'data' directory
Flavors: r-devel-linux-x86_64-debian-clang, r-devel-linux-x86_64-debian-gcc, r-devel-linux-x86_64-fedora-clang, r-devel-linux-x86_64-fedora-gcc, r-devel-windows-x86_64, r-devel-windows-x86_64-gcc10-UCRT, r-patched-linux-x86_64, r-patched-solaris-x86, r-release-linux-x86_64, r-release-macos-arm64, r-release-macos-x86_64, r-release-windows-ix86+x86_64