CRAN Package Check Results for Package portfolioBacktest

Last updated on 2021-09-21 09:52:57 CEST.

Flavor Version Tinstall Tcheck Ttotal Status Flags
r-devel-linux-x86_64-debian-clang 0.2.3 7.61 158.08 165.69 OK
r-devel-linux-x86_64-debian-gcc 0.2.3 6.15 109.71 115.86 OK
r-devel-linux-x86_64-fedora-clang 0.2.3 194.46 OK
r-devel-linux-x86_64-fedora-gcc 0.2.3 185.60 OK
r-devel-windows-x86_64 0.2.3 10.00 160.00 170.00 OK
r-devel-windows-x86_64-gcc10-UCRT 0.2.3 ERROR
r-patched-linux-x86_64 0.2.3 6.67 145.53 152.20 OK
r-patched-solaris-x86 0.2.3 283.90 OK
r-release-linux-x86_64 0.2.3 7.36 143.43 150.79 OK
r-release-macos-arm64 0.2.3 OK
r-release-macos-x86_64 0.2.3 OK
r-release-windows-ix86+x86_64 0.2.3 17.00 159.00 176.00 OK
r-oldrel-macos-x86_64 0.2.3 OK
r-oldrel-windows-ix86+x86_64 0.2.3 17.00 161.00 178.00 OK

Check Details

Version: 0.2.3
Check: whether package can be installed
Result: WARN
    Found the following significant warnings:
     WARNING: installation-time patches will not be applied, could not get the patches index
Flavor: r-devel-windows-x86_64-gcc10-UCRT

Version: 0.2.3
Check: PDF version of manual
Result: WARN
    LaTeX errors when creating PDF version.
    This typically indicates Rd problems.
Flavor: r-devel-windows-x86_64-gcc10-UCRT

Version: 0.2.3
Check: PDF version of manual without hyperrefs or index
Result: ERROR
    Re-running with no redirection of stdout/stderr.
Flavor: r-devel-windows-x86_64-gcc10-UCRT