CRAN Package Check Results for Package pop

Last updated on 2021-10-22 09:53:14 CEST.

Flavor Version Tinstall Tcheck Ttotal Status Flags
r-devel-linux-x86_64-debian-clang 0.1 3.59 48.06 51.65 NOTE
r-devel-linux-x86_64-debian-gcc 0.1 2.79 36.60 39.39 NOTE
r-devel-linux-x86_64-fedora-clang 0.1 71.46 NOTE
r-devel-linux-x86_64-fedora-gcc 0.1 61.34 NOTE
r-devel-windows-x86_64 0.1 5.00 70.00 75.00 NOTE
r-devel-windows-x86_64-gcc10-UCRT 0.1 ERROR
r-patched-linux-x86_64 0.1 4.13 46.59 50.72 NOTE
r-patched-solaris-x86 0.1 88.00 NOTE
r-release-linux-x86_64 0.1 2.95 45.93 48.88 NOTE
r-release-macos-arm64 0.1 NOTE
r-release-macos-x86_64 0.1 NOTE
r-release-windows-ix86+x86_64 0.1 5.00 67.00 72.00 NOTE
r-oldrel-macos-x86_64 0.1 OK
r-oldrel-windows-ix86+x86_64 0.1 7.00 66.00 73.00 OK

Check Details

Version: 0.1
Check: LazyData
Result: NOTE
     'LazyData' is specified without a 'data' directory
Flavors: r-devel-linux-x86_64-debian-clang, r-devel-linux-x86_64-debian-gcc, r-devel-linux-x86_64-fedora-clang, r-devel-linux-x86_64-fedora-gcc, r-devel-windows-x86_64, r-patched-linux-x86_64, r-patched-solaris-x86, r-release-linux-x86_64, r-release-macos-arm64, r-release-macos-x86_64, r-release-windows-ix86+x86_64

Version: 0.1
Check: package dependencies
Result: ERROR
    Package required but not available: 'igraph'
    
    See section 'The DESCRIPTION file' in the 'Writing R Extensions'
    manual.
Flavor: r-devel-windows-x86_64-gcc10-UCRT