CRAN Package Check Results for Package poolfstat

Last updated on 2021-10-18 09:54:53 CEST.

Flavor Version Tinstall Tcheck Ttotal Status Flags
r-devel-linux-x86_64-debian-clang 2.0.0 39.50 154.90 194.40 OK
r-devel-linux-x86_64-debian-gcc 2.0.0 30.40 120.73 151.13 OK
r-devel-linux-x86_64-fedora-clang 2.0.0 259.99 NOTE
r-devel-linux-x86_64-fedora-gcc 2.0.0 242.34 NOTE
r-devel-windows-x86_64 2.0.0 61.00 193.00 254.00 OK
r-devel-windows-x86_64-gcc10-UCRT 2.0.0 NOTE
r-patched-linux-x86_64 2.0.0 36.91 158.91 195.82 OK
r-patched-solaris-x86 2.0.0 316.50 NOTE
r-release-linux-x86_64 2.0.0 35.98 158.88 194.86 OK
r-release-macos-arm64 2.0.0 NOTE
r-release-macos-x86_64 2.0.0 NOTE
r-release-windows-ix86+x86_64 2.0.0 95.00 277.00 372.00 OK
r-oldrel-macos-x86_64 2.0.0 NOTE
r-oldrel-windows-ix86+x86_64 2.0.0 100.00 282.00 382.00 OK

Check Details

Version: 2.0.0
Check: dependencies in R code
Result: NOTE
    Namespace in Imports field not imported from: ‘RcppProgress’
     All declared Imports should be used.
Flavors: r-devel-linux-x86_64-fedora-clang, r-devel-linux-x86_64-fedora-gcc, r-devel-windows-x86_64-gcc10-UCRT, r-patched-solaris-x86, r-release-macos-arm64, r-release-macos-x86_64, r-oldrel-macos-x86_64