CRAN Package Check Results for Package polyPK

Last updated on 2021-10-20 09:55:18 CEST.

Flavor Version Tinstall Tcheck Ttotal Status Flags
r-devel-linux-x86_64-debian-clang 3.1.0 29.96 304.63 334.59 NOTE
r-devel-linux-x86_64-debian-gcc 3.1.0 25.23 230.86 256.09 NOTE
r-devel-linux-x86_64-fedora-clang 3.1.0 415.55 NOTE
r-devel-linux-x86_64-fedora-gcc 3.1.0 402.56 NOTE
r-devel-windows-x86_64 3.1.0 44.00 263.00 307.00 OK
r-devel-windows-x86_64-gcc10-UCRT 3.1.0 OK
r-patched-linux-x86_64 3.1.0 29.66 296.36 326.02 NOTE
r-patched-solaris-x86 3.1.0 426.70 NOTE
r-release-linux-x86_64 3.1.0 27.97 296.72 324.69 NOTE
r-release-macos-arm64 3.1.0 OK
r-release-macos-x86_64 3.1.0 OK
r-release-windows-ix86+x86_64 3.1.0 57.00 280.00 337.00 OK
r-oldrel-macos-x86_64 3.1.0 OK
r-oldrel-windows-ix86+x86_64 3.1.0 62.00 288.00 350.00 OK

Check Details

Version: 3.1.0
Check: for non-standard things in the check directory
Result: NOTE
    Found the following files/directories:
     'AbsorbedDrugMetabolites' 'CorrelationResults'
     'EndogenousMetabolites' 'HeatMap' 'PKresults'
     'SecondAbsorbedMetabolites' 'preprocessed-data'
Flavors: r-devel-linux-x86_64-debian-clang, r-devel-linux-x86_64-debian-gcc, r-devel-linux-x86_64-fedora-clang, r-devel-linux-x86_64-fedora-gcc, r-patched-linux-x86_64, r-patched-solaris-x86, r-release-linux-x86_64