Last updated on 2024-03-28 10:49:44 CET.
Flavor | Version | Tinstall | Tcheck | Ttotal | Status | Flags |
---|---|---|---|---|---|---|
r-devel-linux-x86_64-debian-clang | 0.8.1 | 13.00 | 94.84 | 107.84 | OK | |
r-devel-linux-x86_64-debian-gcc | 0.8.1 | 9.51 | 71.73 | 81.24 | OK | |
r-devel-linux-x86_64-fedora-clang | 0.8.1 | 146.13 | NOTE | |||
r-devel-linux-x86_64-fedora-gcc | 0.8.1 | 154.93 | OK | |||
r-devel-windows-x86_64 | 0.8.1 | 12.00 | 96.00 | 108.00 | OK | |
r-patched-linux-x86_64 | 0.8.1 | 9.25 | 89.71 | 98.96 | OK | |
r-release-linux-x86_64 | 0.8.1 | 7.01 | 90.88 | 97.89 | OK | |
r-release-macos-arm64 | 0.8.1 | 45.00 | OK | |||
r-release-macos-x86_64 | 0.8.1 | 64.00 | OK | |||
r-release-windows-x86_64 | 0.8.1 | 16.00 | 110.00 | 126.00 | OK | |
r-oldrel-macos-arm64 | 0.8.1 | 37.00 | OK | |||
r-oldrel-windows-x86_64 | 0.8.1 | 17.00 | 104.00 | 121.00 | OK |
Version: 0.8.1
Check: package dependencies
Result: NOTE
Imports includes 25 non-default packages.
Importing from so many packages makes the package vulnerable to any of
them becoming unavailable. Move as many as possible to Suggests and
use conditionally.
Flavor: r-devel-linux-x86_64-fedora-clang