CRAN Package Check Results for Package plyr

Last updated on 2021-09-19 09:50:33 CEST.

Flavor Version Tinstall Tcheck Ttotal Status Flags
r-devel-linux-x86_64-debian-clang 1.8.6 22.63 72.73 95.36 OK
r-devel-linux-x86_64-debian-gcc 1.8.6 15.42 53.85 69.27 OK
r-devel-linux-x86_64-fedora-clang 1.8.6 129.23 OK
r-devel-linux-x86_64-fedora-gcc 1.8.6 112.06 OK
r-devel-windows-x86_64 1.8.6 26.00 104.00 130.00 OK
r-devel-windows-x86_64-gcc10-UCRT 1.8.6 ERROR
r-patched-linux-x86_64 1.8.6 19.79 70.04 89.83 OK
r-patched-solaris-x86 1.8.6 140.90 OK
r-release-linux-x86_64 1.8.6 18.31 69.26 87.57 OK
r-release-macos-arm64 1.8.6 OK
r-release-macos-x86_64 1.8.6 OK
r-release-windows-ix86+x86_64 1.8.6 52.00 119.00 171.00 OK
r-oldrel-macos-x86_64 1.8.6 OK
r-oldrel-windows-ix86+x86_64 1.8.6 49.00 117.00 166.00 OK

Check Details

Version: 1.8.6
Check: whether package can be installed
Result: ERROR
    Installation failed.
Flavor: r-devel-windows-x86_64-gcc10-UCRT