Last updated on 2024-04-18 10:49:57 CEST.
Flavor | Version | Tinstall | Tcheck | Ttotal | Status | Flags |
---|---|---|---|---|---|---|
r-devel-linux-x86_64-debian-clang | 2.8-3 | 6.28 | 73.49 | 79.77 | OK | |
r-devel-linux-x86_64-debian-gcc | 2.8-3 | 5.55 | 55.04 | 60.59 | OK | |
r-devel-linux-x86_64-fedora-clang | 2.8-3 | 100.10 | NOTE | |||
r-devel-linux-x86_64-fedora-gcc | 2.8-3 | 105.99 | OK | |||
r-prerel-macos-arm64 | 2.8-3 | 36.00 | NOTE | |||
r-prerel-windows-x86_64 | 2.8-3 | 7.00 | 94.00 | 101.00 | OK | |
r-patched-linux-x86_64 | 2.8-3 | 8.52 | 71.20 | 79.72 | OK | |
r-release-linux-x86_64 | 2.8-3 | 6.54 | 68.83 | 75.37 | OK | |
r-release-macos-arm64 | 2.8-3 | 50.00 | NOTE | |||
r-release-macos-x86_64 | 2.8-3 | 173.00 | NOTE | |||
r-release-windows-x86_64 | 2.8-3 | 7.00 | 97.00 | 104.00 | OK | |
r-oldrel-macos-arm64 | 2.8-3 | 41.00 | NOTE | |||
r-oldrel-windows-x86_64 | 2.8-3 | 8.00 | 92.00 | 100.00 | OK |
Version: 2.8-3
Check: Rd cross-references
Result: NOTE
Undeclared package ‘sm’ in Rd xrefs
Flavor: r-devel-linux-x86_64-fedora-clang
Version: 2.8-3
Check: package dependencies
Result: NOTE
Package suggested but not available for checking: ‘Rmpi’
Flavors: r-prerel-macos-arm64, r-release-macos-arm64, r-release-macos-x86_64, r-oldrel-macos-arm64