CRAN Package Check Results for Package plotscale

Last updated on 2021-07-28 09:55:01 CEST.

Flavor Version Tinstall Tcheck Ttotal Status Flags
r-devel-linux-x86_64-debian-clang 0.1.6 NOTE
r-devel-linux-x86_64-debian-gcc 0.1.6 1.57 37.16 38.73 NOTE
r-devel-linux-x86_64-fedora-clang 0.1.6 69.83 NOTE
r-devel-linux-x86_64-fedora-gcc 0.1.6 59.52 NOTE
r-devel-windows-x86_64 0.1.6 4.00 68.00 72.00 NOTE
r-devel-windows-x86_64-gcc10-UCRT 0.1.6 NOTE
r-patched-linux-x86_64 0.1.6 2.49 46.69 49.18 NOTE
r-patched-solaris-x86 0.1.6 84.60 NOTE
r-release-linux-x86_64 0.1.6 2.02 47.17 49.19 NOTE
r-release-macos-arm64 0.1.6 NOTE
r-release-macos-x86_64 0.1.6 NOTE
r-release-windows-ix86+x86_64 0.1.6 6.00 48.00 54.00 NOTE
r-oldrel-macos-x86_64 0.1.6 NOTE
r-oldrel-windows-ix86+x86_64 0.1.6 5.00 64.00 69.00 OK

Check Details

Version: 0.1.6
Check: LazyData
Result: NOTE
     'LazyData' is specified without a 'data' directory
Flavors: r-devel-linux-x86_64-debian-clang, r-devel-linux-x86_64-debian-gcc, r-devel-linux-x86_64-fedora-clang, r-devel-linux-x86_64-fedora-gcc, r-devel-windows-x86_64, r-devel-windows-x86_64-gcc10-UCRT, r-patched-linux-x86_64, r-patched-solaris-x86, r-release-linux-x86_64, r-release-macos-arm64, r-release-macos-x86_64, r-release-windows-ix86+x86_64

Version: 0.1.6
Check: dependencies in R code
Result: NOTE
    Namespace in Imports field not imported from: ‘graphics’
     All declared Imports should be used.
Flavors: r-devel-linux-x86_64-fedora-clang, r-devel-linux-x86_64-fedora-gcc, r-devel-windows-x86_64-gcc10-UCRT, r-patched-solaris-x86, r-release-macos-arm64, r-release-macos-x86_64, r-oldrel-macos-x86_64