Last updated on 2024-04-19 10:57:35 CEST.
Flavor | Version | Tinstall | Tcheck | Ttotal | Status | Flags |
---|---|---|---|---|---|---|
r-devel-linux-x86_64-debian-clang | 4.10.4 | 20.07 | 261.30 | 281.37 | OK | |
r-devel-linux-x86_64-debian-gcc | 4.10.4 | OK | ||||
r-devel-linux-x86_64-fedora-clang | 4.10.4 | 347.95 | NOTE | |||
r-devel-linux-x86_64-fedora-gcc | 4.10.4 | 345.92 | OK | |||
r-prerel-macos-arm64 | 4.10.4 | 97.00 | NOTE | |||
r-prerel-windows-x86_64 | 4.10.4 | 20.00 | 180.00 | 200.00 | NOTE | |
r-patched-linux-x86_64 | 4.10.4 | 16.77 | 245.38 | 262.15 | OK | |
r-release-linux-x86_64 | 4.10.4 | 17.28 | 249.91 | 267.19 | OK | |
r-release-macos-arm64 | 4.10.4 | 95.00 | NOTE | |||
r-release-macos-x86_64 | 4.10.4 | 198.00 | NOTE | |||
r-release-windows-x86_64 | 4.10.4 | 25.00 | 236.00 | 261.00 | NOTE | |
r-oldrel-macos-arm64 | 4.10.4 | 99.00 | NOTE | |||
r-oldrel-windows-x86_64 | 4.10.4 | 26.00 | 226.00 | 252.00 | NOTE |
Version: 4.10.4
Check: installed package size
Result: NOTE
installed size is 7.2Mb
sub-directories of 1Mb or more:
R 1.0Mb
htmlwidgets 4.0Mb
Flavors: r-devel-linux-x86_64-fedora-clang, r-prerel-macos-arm64, r-prerel-windows-x86_64, r-release-macos-arm64, r-release-macos-x86_64, r-release-windows-x86_64, r-oldrel-macos-arm64, r-oldrel-windows-x86_64