CRAN Package Check Results for Package plotdap

Last updated on 2021-07-29 10:53:11 CEST.

Flavor Version Tinstall Tcheck Ttotal Status Flags
r-devel-linux-x86_64-debian-clang 0.0.9 OK
r-devel-linux-x86_64-debian-gcc 0.0.9 13.06 110.44 123.50 OK
r-devel-linux-x86_64-fedora-clang 0.0.9 204.73 OK
r-devel-linux-x86_64-fedora-gcc 0.0.9 190.82 OK
r-devel-windows-x86_64 0.0.9 23.00 151.00 174.00 OK --no-vignettes
r-devel-windows-x86_64-gcc10-UCRT 0.0.9 OK
r-patched-linux-x86_64 0.0.9 19.37 139.36 158.73 OK
r-patched-solaris-x86 0.0.9 299.70 OK
r-release-linux-x86_64 0.0.9 13.51 137.66 151.17 OK
r-release-macos-arm64 0.0.9 WARN
r-release-macos-x86_64 0.0.9 OK
r-release-windows-ix86+x86_64 0.0.9 35.00 119.00 154.00 OK --no-vignettes
r-oldrel-macos-x86_64 0.0.9 OK
r-oldrel-windows-ix86+x86_64 0.0.9 27.00 153.00 180.00 OK --no-vignettes

Check Details

Version: 0.0.9
Check: re-building of vignette outputs
Result: WARN
    Error(s) in re-building vignettes:
     ...
    --- re-building ‘using_plotdap.Rmd’ using rmarkdown
    Warning in engine$weave(file, quiet = quiet, encoding = enc) :
     Pandoc (>= 1.12.3) not available. Falling back to R Markdown v1.
    Warning in doTryCatch(return(expr), name, parentenv, handler) :
     no font could be found for family "Arial"
    Warning in doTryCatch(return(expr), name, parentenv, handler) :
     no font could be found for family "Arial"
    Warning in doTryCatch(return(expr), name, parentenv, handler) :
     no font could be found for family "Arial"
    Quitting from lines 118-123 (using_plotdap.Rmd)
    Error: processing vignette 'using_plotdap.Rmd' failed with diagnostics:
    polygon edge not found
    --- failed re-building ‘using_plotdap.Rmd’
    
    SUMMARY: processing the following file failed:
     ‘using_plotdap.Rmd’
    
    Error: Vignette re-building failed.
    Execution halted
Flavor: r-release-macos-arm64