CRAN Package Check Results for Package pkgdown

Last updated on 2021-09-19 09:50:32 CEST.

Flavor Version Tinstall Tcheck Ttotal Status Flags
r-devel-linux-x86_64-debian-clang 1.6.1 6.52 81.32 87.84 OK
r-devel-linux-x86_64-debian-gcc 1.6.1 5.65 61.20 66.85 OK
r-devel-linux-x86_64-fedora-clang 1.6.1 110.97 NOTE
r-devel-linux-x86_64-fedora-gcc 1.6.1 101.35 OK
r-devel-windows-x86_64 1.6.1 10.00 119.00 129.00 OK
r-devel-windows-x86_64-gcc10-UCRT 1.6.1 ERROR
r-patched-linux-x86_64 1.6.1 8.02 79.25 87.27 OK
r-patched-solaris-x86 1.6.1 115.20 OK
r-release-linux-x86_64 1.6.1 7.09 79.49 86.58 OK
r-release-macos-arm64 1.6.1 OK
r-release-macos-x86_64 1.6.1 OK
r-release-windows-ix86+x86_64 1.6.1 14.00 94.00 108.00 OK
r-oldrel-macos-x86_64 1.6.1 OK
r-oldrel-windows-ix86+x86_64 1.6.1 13.00 95.00 108.00 OK

Check Details

Version: 1.6.1
Check: Rd cross-references
Result: NOTE
    Undeclared package ‘usethis’ in Rd xrefs
Flavor: r-devel-linux-x86_64-fedora-clang

Version: 1.6.1
Check: whether package can be installed
Result: WARN
    Found the following significant warnings:
     WARNING: installation-time patches will not be applied, could not get the patches index
Flavor: r-devel-windows-x86_64-gcc10-UCRT

Version: 1.6.1
Check: tests
Result: ERROR
     Running 'testthat.R'
    Running the tests in 'tests/testthat.R' failed.
    Complete output:
     > library(testthat)
     > library(pkgdown)
     >
     > test_check("pkgdown")
     ══ Skipped tests ═══════════════════════════════════════════════════════════════
     • On CRAN (11)
     • dir_exists(path(pkg, ".github"))[[1]] is not TRUE (1)
     • dir_exists(path(test_path("assets/site-dot-github"), ".github"))[[1]] is not TRUE (1)
     • dir_exists(path)[[1]] is not TRUE (1)
     • file_exists("../../DESCRIPTION") is not TRUE (3)
     • is.null(rsconnect::accounts()) is TRUE (1)
     • rmarkdown::pandoc_available("1.12.3") is not TRUE (14)
     • rmarkdown::pandoc_available() is not TRUE (2)
    
     ══ Failed tests ════════════════════════════════════════════════════════════════
     ── Error (test-build-search-docs.R:9:3): docsearch.json and sitemap.xml are valid ──
     Error: Total path length must be less than PATH_MAX: 260
     Backtrace:
     █
     1. ├─testthat::expect_output(init_site(search)) test-build-search-docs.R:9:2
     2. │ └─testthat:::quasi_capture(...)
     3. │ ├─testthat:::.capture(...)
     4. │ │ └─testthat::capture_output_lines(code, print, width = width)
     5. │ │ └─testthat:::eval_with_output(code, print = print, width = width)
     6. │ │ ├─withr::with_output_sink(temp, withVisible(code))
     7. │ │ │ └─base::force(code)
     8. │ │ └─base::withVisible(code)
     9. │ └─rlang::eval_bare(quo_get_expr(.quo), quo_get_env(.quo))
     10. └─pkgdown::init_site(search)
     11. └─pkgdown:::build_docsearch_json(pkg)
     12. └─pkgdown:::write_if_different(pkg, json, json_path, check = FALSE)
     13. └─pkgdown:::path_abs(path, start = pkg$dst_path)
     14. ├─fs::path_abs(path(start, path))
     15. │ └─fs::path_norm(path(getwd(), start))
     16. └─fs::path(start, path)
     17. └─fs::path_tidy(...)
    
     [ FAIL 1 | WARN 0 | SKIP 34 | PASS 295 ]
     Error: Test failures
     Execution halted
Flavor: r-devel-windows-x86_64-gcc10-UCRT

Version: 1.6.1
Check: PDF version of manual
Result: WARN
    LaTeX errors when creating PDF version.
    This typically indicates Rd problems.
Flavor: r-devel-windows-x86_64-gcc10-UCRT

Version: 1.6.1
Check: PDF version of manual without hyperrefs or index
Result: ERROR
    Re-running with no redirection of stdout/stderr.
Flavor: r-devel-windows-x86_64-gcc10-UCRT