CRAN Package Check Results for Package pkgdown

Last updated on 2022-01-20 10:52:36 CET.

Flavor Version Tinstall Tcheck Ttotal Status Flags
r-devel-linux-x86_64-debian-clang 2.0.2 OK
r-devel-linux-x86_64-debian-gcc 2.0.2 8.09 101.27 109.36 OK
r-devel-linux-x86_64-fedora-clang 2.0.2 164.73 NOTE
r-devel-linux-x86_64-fedora-gcc 2.0.2 154.27 OK
r-devel-windows-x86_64-new-UL 2.0.2 320.00 293.00 613.00 OK
r-devel-windows-x86_64-new-TK 2.0.2 OK
r-patched-linux-x86_64 2.0.2 8.92 131.08 140.00 OK
r-release-linux-x86_64 2.0.2 10.16 130.77 140.93 OK
r-release-macos-arm64 2.0.2 OK
r-release-macos-x86_64 2.0.2 OK
r-release-windows-ix86+x86_64 2.0.2 17.00 184.00 201.00 ERROR
r-oldrel-macos-x86_64 2.0.1 OK
r-oldrel-windows-ix86+x86_64 2.0.2 17.00 181.00 198.00 ERROR

Check Details

Version: 2.0.2
Check: Rd cross-references
Result: NOTE
    Undeclared package ‘usethis’ in Rd xrefs
Flavor: r-devel-linux-x86_64-fedora-clang

Version: 2.0.2
Check: tests
Result: ERROR
     Running 'testthat.R' [103s]
    Running the tests in 'tests/testthat.R' failed.
    Complete output:
     > library(testthat)
     > library(pkgdown)
     >
     > test_check("pkgdown")
     == Skipped tests ===============================================================
     * Installed rlang is version 0.4.12; but 0.99 is required (6)
     * On CRAN (57)
     * dir_exists(path)[[1]] is not TRUE (1)
     * dir_exists(test_path("assets/site-dot-github/.github")) is not TRUE (2)
     * rmarkdown::pandoc_available(version) is not TRUE (2)
    
     == Failed tests ================================================================
     -- Failure (test-build-articles.R:147:3): articles in vignettes/articles/ are unnested into articles/ --
     `path` (`actual`) not equal to file.path(pkg$dst_path, "articles", "nested.html") (`expected`).
    
     actual vs expected
     - "D:/RCompile/CRANpkg/local/4.1/pkgdown.Rcheck/tests/testthat/assets/articles/docs/articles/nested.html"
     + "D:/Rcompile/CRANpkg/local/4.1/pkgdown.Rcheck/tests/testthat/assets/articles/docs/articles/nested.html"
    
     [ FAIL 1 | WARN 0 | SKIP 68 | PASS 576 ]
     Deleting unused snapshots:
     * build-search-docs/search-no-url.json
     * build-search-docs/search.json
     Error: Test failures
     Execution halted
Flavor: r-release-windows-ix86+x86_64

Version: 2.0.2
Check: tests
Result: ERROR
     Running 'testthat.R' [103s]
    Running the tests in 'tests/testthat.R' failed.
    Complete output:
     > library(testthat)
     > library(pkgdown)
     >
     > test_check("pkgdown")
     == Skipped tests ===============================================================
     * Installed rlang is version 0.4.12; but 0.99 is required (6)
     * On CRAN (57)
     * dir_exists(path)[[1]] is not TRUE (1)
     * dir_exists(test_path("assets/site-dot-github/.github")) is not TRUE (2)
     * rmarkdown::pandoc_available(version) is not TRUE (2)
    
     == Failed tests ================================================================
     -- Failure (test-build-articles.R:147:3): articles in vignettes/articles/ are unnested into articles/ --
     `path` (`actual`) not equal to file.path(pkg$dst_path, "articles", "nested.html") (`expected`).
    
     actual vs expected
     - "D:/RCompile/CRANpkg/local/4.0/pkgdown.Rcheck/tests/testthat/assets/articles/docs/articles/nested.html"
     + "D:/Rcompile/CRANpkg/local/4.0/pkgdown.Rcheck/tests/testthat/assets/articles/docs/articles/nested.html"
    
     [ FAIL 1 | WARN 0 | SKIP 68 | PASS 576 ]
     Deleting unused snapshots:
     * build-search-docs/search-no-url.json
     * build-search-docs/search.json
     Error: Test failures
     Execution halted
Flavor: r-oldrel-windows-ix86+x86_64