CRAN Package Check Results for Package pins

Last updated on 2021-09-24 09:54:31 CEST.

Flavor Version Tinstall Tcheck Ttotal Status Flags
r-devel-linux-x86_64-debian-clang 0.4.5 7.46 72.52 79.98 OK
r-devel-linux-x86_64-debian-gcc 0.4.5 5.35 55.36 60.71 OK
r-devel-linux-x86_64-fedora-clang 0.4.5 101.88 NOTE
r-devel-linux-x86_64-fedora-gcc 0.4.5 91.01 NOTE
r-devel-windows-x86_64 0.4.5 9.00 97.00 106.00 OK
r-devel-windows-x86_64-gcc10-UCRT 0.4.5 NOTE
r-patched-linux-x86_64 0.4.5 7.36 75.25 82.61 OK
r-patched-solaris-x86 0.4.5 131.30 NOTE
r-release-linux-x86_64 0.4.5 6.70 75.70 82.40 OK
r-release-macos-arm64 0.4.5 NOTE
r-release-macos-x86_64 0.4.5 NOTE
r-release-windows-ix86+x86_64 0.4.5 14.00 85.00 99.00 OK
r-oldrel-macos-x86_64 0.4.5 NOTE
r-oldrel-windows-ix86+x86_64 0.4.5 10.00 85.00 95.00 OK

Check Details

Version: 0.4.5
Check: data for non-ASCII characters
Result: NOTE
     Note: found 36 marked UTF-8 strings
Flavors: r-devel-linux-x86_64-fedora-clang, r-devel-linux-x86_64-fedora-gcc, r-devel-windows-x86_64-gcc10-UCRT, r-patched-solaris-x86, r-release-macos-arm64, r-release-macos-x86_64, r-oldrel-macos-x86_64