CRAN Package Check Results for Package pinochet

Last updated on 2021-10-16 09:54:27 CEST.

Flavor Version Tinstall Tcheck Ttotal Status Flags
r-devel-linux-x86_64-debian-clang 0.1.0 1.92 27.63 29.55 OK
r-devel-linux-x86_64-debian-gcc 0.1.0 1.55 21.39 22.94 OK
r-devel-linux-x86_64-fedora-clang 0.1.0 46.23 NOTE
r-devel-linux-x86_64-fedora-gcc 0.1.0 34.72 NOTE
r-devel-windows-x86_64 0.1.0 4.00 40.00 44.00 OK
r-devel-windows-x86_64-gcc10-UCRT 0.1.0 NOTE
r-patched-linux-x86_64 0.1.0 2.02 26.59 28.61 OK
r-patched-solaris-x86 0.1.0 57.90 NOTE
r-release-linux-x86_64 0.1.0 1.85 25.79 27.64 OK
r-release-macos-arm64 0.1.0 NOTE
r-release-macos-x86_64 0.1.0 NOTE
r-release-windows-ix86+x86_64 0.1.0 6.00 50.00 56.00 OK
r-oldrel-macos-x86_64 0.1.0 NOTE
r-oldrel-windows-ix86+x86_64 0.1.0 5.00 48.00 53.00 OK

Check Details

Version: 0.1.0
Check: data for non-ASCII characters
Result: NOTE
     Note: found 2048 marked UTF-8 strings
Flavors: r-devel-linux-x86_64-fedora-clang, r-devel-linux-x86_64-fedora-gcc, r-devel-windows-x86_64-gcc10-UCRT, r-patched-solaris-x86, r-release-macos-arm64, r-release-macos-x86_64, r-oldrel-macos-x86_64