CRAN Package Check Results for Package phylotate

Last updated on 2021-09-21 09:52:56 CEST.

Flavor Version Tinstall Tcheck Ttotal Status Flags
r-devel-linux-x86_64-debian-clang 1.3 3.03 26.37 29.40 OK
r-devel-linux-x86_64-debian-gcc 1.3 2.05 20.91 22.96 OK
r-devel-linux-x86_64-fedora-clang 1.3 44.21 OK
r-devel-linux-x86_64-fedora-gcc 1.3 33.63 OK
r-devel-windows-x86_64 1.3 4.00 35.00 39.00 OK
r-devel-windows-x86_64-gcc10-UCRT 1.3 ERROR
r-patched-linux-x86_64 1.3 3.07 25.53 28.60 OK
r-patched-solaris-x86 1.3 51.00 OK
r-release-linux-x86_64 1.3 2.93 25.43 28.36 OK
r-release-macos-arm64 1.3 OK
r-release-macos-x86_64 1.3 OK
r-release-windows-ix86+x86_64 1.3 7.00 31.00 38.00 OK
r-oldrel-macos-x86_64 1.3 OK
r-oldrel-windows-ix86+x86_64 1.3 5.00 32.00 37.00 OK

Check Details

Version: 1.3
Check: whether package can be installed
Result: WARN
    Found the following significant warnings:
     WARNING: installation-time patches will not be applied, could not get the patches index
Flavor: r-devel-windows-x86_64-gcc10-UCRT

Version: 1.3
Check: PDF version of manual
Result: WARN
    LaTeX errors when creating PDF version.
    This typically indicates Rd problems.
Flavor: r-devel-windows-x86_64-gcc10-UCRT

Version: 1.3
Check: PDF version of manual without hyperrefs or index
Result: ERROR
    Re-running with no redirection of stdout/stderr.
Flavor: r-devel-windows-x86_64-gcc10-UCRT