Last updated on 2024-04-18 10:49:57 CEST.
Flavor | Version | Tinstall | Tcheck | Ttotal | Status | Flags |
---|---|---|---|---|---|---|
r-devel-linux-x86_64-debian-clang | 2.1.0 | 3.80 | 51.66 | 55.46 | NOTE | |
r-devel-linux-x86_64-debian-gcc | 2.1.0 | 2.86 | 39.05 | 41.91 | NOTE | |
r-devel-linux-x86_64-fedora-clang | 2.1.0 | 71.74 | NOTE | |||
r-devel-linux-x86_64-fedora-gcc | 2.1.0 | 80.15 | NOTE | |||
r-prerel-macos-arm64 | 2.1.0 | 28.00 | NOTE | |||
r-prerel-windows-x86_64 | 2.1.0 | 4.00 | 57.00 | 61.00 | NOTE | |
r-patched-linux-x86_64 | 2.1.0 | 4.31 | 49.29 | 53.60 | NOTE | |
r-release-linux-x86_64 | 2.1.0 | 3.87 | 46.92 | 50.79 | NOTE | |
r-release-macos-arm64 | 2.1.0 | 29.00 | NOTE | |||
r-release-macos-x86_64 | 2.1.0 | 43.00 | NOTE | |||
r-release-windows-x86_64 | 2.1.0 | 5.00 | 59.00 | 64.00 | NOTE | |
r-oldrel-macos-arm64 | 2.1.0 | 28.00 | NOTE | |||
r-oldrel-windows-x86_64 | 2.1.0 | 6.00 | 66.00 | 72.00 | NOTE |
Version: 2.1.0
Check: LazyData
Result: NOTE
'LazyData' is specified without a 'data' directory
Flavors: r-devel-linux-x86_64-debian-clang, r-devel-linux-x86_64-debian-gcc, r-devel-linux-x86_64-fedora-clang, r-devel-linux-x86_64-fedora-gcc, r-prerel-macos-arm64, r-prerel-windows-x86_64, r-patched-linux-x86_64, r-release-linux-x86_64, r-release-macos-arm64, r-release-macos-x86_64, r-release-windows-x86_64, r-oldrel-macos-arm64, r-oldrel-windows-x86_64