Last updated on 2024-05-04 09:49:44 CEST.
Flavor | Version | Tinstall | Tcheck | Ttotal | Status | Flags |
---|---|---|---|---|---|---|
r-devel-linux-x86_64-debian-clang | 0.1-34 | 51.92 | 84.14 | 136.06 | NOTE | |
r-devel-linux-x86_64-debian-gcc | 0.1-34 | 42.71 | 60.93 | 103.64 | NOTE | |
r-devel-linux-x86_64-fedora-clang | 0.1-34 | 164.26 | NOTE | |||
r-devel-linux-x86_64-fedora-gcc | 0.1-34 | 186.59 | NOTE | |||
r-devel-windows-x86_64 | 0.1-34 | 70.00 | 117.00 | 187.00 | NOTE | |
r-patched-linux-x86_64 | 0.1-34 | 56.53 | 80.03 | 136.56 | NOTE | |
r-release-linux-x86_64 | 0.1-34 | 45.57 | 77.76 | 123.33 | NOTE | |
r-release-macos-arm64 | 0.1-34 | 55.00 | NOTE | |||
r-release-windows-x86_64 | 0.1-34 | 63.00 | 115.00 | 178.00 | NOTE | |
r-oldrel-macos-arm64 | 0.1-34 | 87.00 | OK | |||
r-oldrel-macos-x86_64 | 0.1-34 | 99.00 | OK | |||
r-oldrel-windows-x86_64 | 0.1-34 | 74.00 | 123.00 | 197.00 | OK |
Version: 0.1-34
Check: Rd files
Result: NOTE
checkRd: (-1) 11_d.init.method.Rd:22-23: Lost braces in \itemize; meant \describe ?
checkRd: (-1) 11_d.init.method.Rd:24-25: Lost braces in \itemize; meant \describe ?
checkRd: (-1) 11_d.init.method.Rd:26-27: Lost braces in \itemize; meant \describe ?
checkRd: (-1) 11_d.init.method.Rd:28-29: Lost braces in \itemize; meant \describe ?
checkRd: (-1) 11_d.init.method.Rd:30-31: Lost braces in \itemize; meant \describe ?
checkRd: (-1) 11_d.init.method.Rd:32: Lost braces in \itemize; meant \describe ?
checkRd: (-1) 11_d.init.procedure.Rd:21-23: Lost braces in \itemize; meant \describe ?
checkRd: (-1) 11_d.init.procedure.Rd:24-26: Lost braces in \itemize; meant \describe ?
checkRd: (-1) 11_d.init.procedure.Rd:27-30: Lost braces in \itemize; meant \describe ?
checkRd: (-1) 11_d.init.procedure.Rd:31-35: Lost braces in \itemize; meant \describe ?
checkRd: (-1) as.star.tree.Rd:26: Lost braces in \itemize; meant \describe ?
checkRd: (-1) as.star.tree.Rd:27: Lost braces in \itemize; meant \describe ?
checkRd: (-1) as.star.tree.Rd:28: Lost braces in \itemize; meant \describe ?
checkRd: (-1) as.star.tree.Rd:29: Lost braces in \itemize; meant \describe ?
Flavors: r-devel-linux-x86_64-debian-clang, r-devel-linux-x86_64-debian-gcc, r-devel-linux-x86_64-fedora-clang, r-devel-linux-x86_64-fedora-gcc, r-devel-windows-x86_64, r-patched-linux-x86_64, r-release-linux-x86_64, r-release-macos-arm64, r-release-windows-x86_64