CRAN Package Check Results for Package photosynthesis

Last updated on 2021-09-27 09:49:49 CEST.

Flavor Version Tinstall Tcheck Ttotal Status Flags
r-devel-linux-x86_64-debian-clang 2.0.1 12.57 202.37 214.94 OK
r-devel-linux-x86_64-debian-gcc 2.0.1 10.08 143.39 153.47 OK
r-devel-linux-x86_64-fedora-clang 2.0.1 267.57 NOTE
r-devel-linux-x86_64-fedora-gcc 2.0.1 241.61 NOTE
r-devel-windows-x86_64 2.0.1 16.00 212.00 228.00 NOTE
r-devel-windows-x86_64-gcc10-UCRT 2.0.1 FAIL
r-patched-linux-x86_64 2.0.1 17.04 188.38 205.42 OK
r-patched-solaris-x86 2.0.1 528.30 NOTE
r-release-linux-x86_64 2.0.1 11.76 188.01 199.77 OK
r-release-macos-arm64 2.0.1 NOTE
r-release-macos-x86_64 2.0.1 NOTE
r-release-windows-ix86+x86_64 2.0.1 25.00 204.00 229.00 NOTE
r-oldrel-macos-x86_64 2.0.1 NOTE
r-oldrel-windows-ix86+x86_64 2.0.1 18.00 213.00 231.00 NOTE

Check Details

Version: 2.0.1
Check: installed package size
Result: NOTE
     installed size is 5.2Mb
     sub-directories of 1Mb or more:
     doc 3.4Mb
     help 1.1Mb
Flavors: r-devel-linux-x86_64-fedora-clang, r-devel-windows-x86_64, r-patched-solaris-x86, r-release-macos-arm64, r-release-macos-x86_64, r-release-windows-ix86+x86_64, r-oldrel-macos-x86_64, r-oldrel-windows-ix86+x86_64

Version: 2.0.1
Check: dependencies in R code
Result: NOTE
    Namespace in Imports field not imported from: ‘future’
     All declared Imports should be used.
Flavors: r-devel-linux-x86_64-fedora-clang, r-devel-linux-x86_64-fedora-gcc, r-devel-windows-x86_64-gcc10-UCRT, r-patched-solaris-x86, r-release-macos-arm64, r-release-macos-x86_64, r-oldrel-macos-x86_64

Version: 2.0.1
Check: re-building of vignette outputs
Result: FAIL
Flavor: r-devel-windows-x86_64-gcc10-UCRT