CRAN Package Check Results for Package photobiologyLamps

Last updated on 2021-07-27 09:53:31 CEST.

Flavor Version Tinstall Tcheck Ttotal Status Flags
r-devel-linux-x86_64-debian-clang 0.4.3 3.67 43.92 47.59 OK
r-devel-linux-x86_64-debian-gcc 0.4.3 2.71 33.65 36.36 OK
r-devel-linux-x86_64-fedora-clang 0.4.3 65.33 NOTE
r-devel-linux-x86_64-fedora-gcc 0.4.3 55.20 NOTE
r-devel-windows-x86_64 0.4.3 8.00 66.00 74.00 OK
r-devel-windows-x86_64-gcc10-UCRT 0.4.3 NOTE
r-patched-linux-x86_64 0.4.3 3.62 41.26 44.88 OK
r-patched-solaris-x86 0.4.3 81.90 NOTE
r-release-linux-x86_64 0.4.3 3.23 41.42 44.65 OK
r-release-macos-arm64 0.4.3 WARN
r-release-macos-x86_64 0.4.3 NOTE
r-release-windows-ix86+x86_64 0.4.3 9.00 50.00 59.00 OK
r-oldrel-macos-x86_64 0.4.3 NOTE
r-oldrel-windows-ix86+x86_64 0.4.3 9.00 66.00 75.00 OK

Check Details

Version: 0.4.3
Check: Rd cross-references
Result: NOTE
    Undeclared package ‘photobiologyLEDs’ in Rd xrefs
Flavor: r-devel-linux-x86_64-fedora-clang

Version: 0.4.3
Check: data for non-ASCII characters
Result: NOTE
     Note: found 1 marked Latin-1 string
Flavors: r-devel-linux-x86_64-fedora-clang, r-devel-linux-x86_64-fedora-gcc, r-devel-windows-x86_64-gcc10-UCRT, r-patched-solaris-x86, r-release-macos-arm64, r-release-macos-x86_64, r-oldrel-macos-x86_64

Version: 0.4.3
Check: re-building of vignette outputs
Result: WARN
    Error(s) in re-building vignettes:
     ...
    --- re-building ‘user-guide.Rmd’ using rmarkdown
    Warning in engine$weave(file, quiet = quiet, encoding = enc) :
     Pandoc (>= 1.12.3) not available. Falling back to R Markdown v1.
    News at https://www.r4photobiology.info/
    ggspectra: default axis labels updated
    Quitting from lines 162-163 (user-guide.Rmd)
    Error: processing vignette 'user-guide.Rmd' failed with diagnostics:
    polygon edge not found
    --- failed re-building ‘user-guide.Rmd’
    
    SUMMARY: processing the following file failed:
     ‘user-guide.Rmd’
    
    Error: Vignette re-building failed.
    Execution halted
Flavor: r-release-macos-arm64