CRAN Package Check Results for Package pheno

Last updated on 2021-12-06 09:53:36 CET.

Flavor Version Tinstall Tcheck Ttotal Status Flags
r-devel-linux-x86_64-debian-clang 1.6 15.44 137.19 152.63 NOTE
r-devel-linux-x86_64-debian-gcc 1.6 13.56 103.29 116.85 NOTE
r-devel-linux-x86_64-fedora-clang 1.6 183.07 NOTE
r-devel-linux-x86_64-fedora-gcc 1.6 170.63 NOTE
r-devel-windows-x86_64-new-UL 1.6 30.00 171.00 201.00 NOTE
r-devel-windows-x86_64-new-TK 1.6 NOTE
r-devel-windows-x86_64-old 1.6 39.00 117.00 156.00 NOTE
r-patched-linux-x86_64 1.6 15.96 120.97 136.93 NOTE
r-release-linux-x86_64 1.6 14.49 128.73 143.22 NOTE
r-release-macos-arm64 1.6 NOTE
r-release-macos-x86_64 1.6 NOTE
r-release-windows-ix86+x86_64 1.6 40.00 213.00 253.00 NOTE
r-oldrel-macos-x86_64 1.6 NOTE
r-oldrel-windows-ix86+x86_64 1.6 42.00 216.00 258.00 NOTE

Check Details

Version: 1.6
Check: R code for possible problems
Result: NOTE
    pheno.ddm: no visible global function definition for 'new'
    pheno.flm.fit: no visible binding for global variable 'na.exclude'
    pheno.flm.fit: no visible global function definition for 'terms'
    pheno.flm.fit: no visible global function definition for 'residuals'
    pheno.flm.fit: no visible global function definition for 'qt'
    pheno.lad.fit: no visible binding for global variable 'na.exclude'
    pheno.mlm.fit: no visible binding for global variable 'na.exclude'
    pheno.mlm.fit: no visible global function definition for 'residuals'
    Undefined global functions or variables:
     na.exclude new qt residuals terms
    Consider adding
     importFrom("methods", "new")
     importFrom("stats", "na.exclude", "qt", "residuals", "terms")
    to your NAMESPACE file (and ensure that your DESCRIPTION Imports field
    contains 'methods').
Flavors: r-devel-linux-x86_64-debian-clang, r-devel-linux-x86_64-debian-gcc, r-devel-linux-x86_64-fedora-clang, r-devel-linux-x86_64-fedora-gcc, r-devel-windows-x86_64-new-UL, r-devel-windows-x86_64-new-TK, r-devel-windows-x86_64-old, r-patched-linux-x86_64, r-release-linux-x86_64, r-release-macos-arm64, r-release-macos-x86_64, r-release-windows-ix86+x86_64, r-oldrel-macos-x86_64, r-oldrel-windows-ix86+x86_64

Version: 1.6
Check: Rd line widths
Result: NOTE
    Rd file 'pheno.mlm.fit.Rd':
     \examples lines wider than 100 characters:
     R <- pheno.mlm.fit(DWD) # parameter estimation
     summary(tr)$coef[2] # slope of trend
     summary(tr)$coef[4] # standard error of trend
    
    These lines will be truncated in the PDF manual.
Flavors: r-devel-linux-x86_64-debian-clang, r-devel-linux-x86_64-debian-gcc, r-devel-linux-x86_64-fedora-clang, r-devel-linux-x86_64-fedora-gcc, r-patched-linux-x86_64, r-release-linux-x86_64

Version: 1.6
Check: compiled code
Result: NOTE
    File ‘pheno/libs/pheno.so’:
     Found no calls to: ‘R_registerRoutines’, ‘R_useDynamicSymbols’
    
    It is good practice to register native routines and to disable symbol
    search.
    
    See ‘Writing portable packages’ in the ‘Writing R Extensions’ manual.
Flavors: r-devel-linux-x86_64-fedora-clang, r-devel-linux-x86_64-fedora-gcc