Last updated on 2024-04-23 10:54:12 CEST.
Flavor | Version | Tinstall | Tcheck | Ttotal | Status | Flags |
---|---|---|---|---|---|---|
r-devel-linux-x86_64-debian-clang | 1.0.9 | 12.27 | 73.65 | 85.92 | OK | |
r-devel-linux-x86_64-debian-gcc | 1.0.9 | 8.64 | 52.82 | 61.46 | OK | |
r-devel-linux-x86_64-fedora-clang | 1.0.9 | 104.70 | OK | |||
r-devel-linux-x86_64-fedora-gcc | 1.0.9 | 98.94 | OK | |||
r-prerel-macos-arm64 | 1.0.9 | 28.00 | OK | |||
r-prerel-windows-x86_64 | 1.0.9 | 12.00 | 68.00 | 80.00 | OK | |
r-patched-linux-x86_64 | 1.0.9 | 10.56 | 66.84 | 77.40 | OK | |
r-release-linux-x86_64 | 1.0.9 | 9.18 | 68.03 | 77.21 | OK | |
r-release-macos-arm64 | 1.0.9 | 31.00 | OK | |||
r-release-macos-x86_64 | 1.0.9 | 48.00 | NOTE | |||
r-release-windows-x86_64 | 1.0.9 | 13.00 | 76.00 | 89.00 | OK | |
r-oldrel-macos-arm64 | 1.0.9 | 36.00 | OK | |||
r-oldrel-windows-x86_64 | 1.0.9 | 15.00 | 84.00 | 99.00 | OK |
Version: 1.0.9
Check: package dependencies
Result: NOTE
Package suggested but not available for checking: ‘BiocParallel’
Flavor: r-release-macos-x86_64