Last updated on 2024-04-19 10:57:35 CEST.
Flavor | Version | Tinstall | Tcheck | Ttotal | Status | Flags |
---|---|---|---|---|---|---|
r-devel-linux-x86_64-debian-clang | 0.3.0 | 5.41 | 47.58 | 52.99 | NOTE | |
r-devel-linux-x86_64-debian-gcc | 0.3.0 | NOTE | ||||
r-devel-linux-x86_64-fedora-clang | 0.3.0 | 66.99 | NOTE | |||
r-devel-linux-x86_64-fedora-gcc | 0.3.0 | 63.69 | NOTE | |||
r-prerel-macos-arm64 | 0.3.0 | 24.00 | NOTE | |||
r-prerel-windows-x86_64 | 0.3.0 | 7.00 | 57.00 | 64.00 | NOTE | |
r-patched-linux-x86_64 | 0.3.0 | 3.94 | 43.58 | 47.52 | NOTE | |
r-release-linux-x86_64 | 0.3.0 | 3.97 | 44.27 | 48.24 | OK | |
r-release-macos-arm64 | 0.3.0 | 25.00 | OK | |||
r-release-macos-x86_64 | 0.3.0 | 33.00 | OK | |||
r-release-windows-x86_64 | 0.3.0 | 8.00 | 60.00 | 68.00 | OK | |
r-oldrel-macos-arm64 | 0.3.0 | 28.00 | OK | |||
r-oldrel-windows-x86_64 | 0.3.0 | 8.00 | 64.00 | 72.00 | OK |
Version: 0.3.0
Check: Rd files
Result: NOTE
checkRd: (-1) read_PN.Rd:15: Lost braces
15 | A code{\link{marked_petrinet}}
| ^
Flavors: r-devel-linux-x86_64-debian-clang, r-devel-linux-x86_64-debian-gcc, r-devel-linux-x86_64-fedora-clang, r-devel-linux-x86_64-fedora-gcc, r-prerel-macos-arm64, r-prerel-windows-x86_64, r-patched-linux-x86_64