CRAN Package Check Results for Package pbs

Last updated on 2021-10-16 09:54:26 CEST.

Flavor Version Tinstall Tcheck Ttotal Status Flags
r-devel-linux-x86_64-debian-clang 1.1 1.96 20.90 22.86 NOTE
r-devel-linux-x86_64-debian-gcc 1.1 1.62 16.81 18.43 NOTE
r-devel-linux-x86_64-fedora-clang 1.1 37.92 NOTE
r-devel-linux-x86_64-fedora-gcc 1.1 28.02 NOTE
r-devel-windows-x86_64 1.1 4.00 30.00 34.00 NOTE
r-devel-windows-x86_64-gcc10-UCRT 1.1 NOTE
r-patched-linux-x86_64 1.1 2.02 20.70 22.72 NOTE
r-patched-solaris-x86 1.1 46.80 NOTE
r-release-linux-x86_64 1.1 1.63 20.70 22.33 NOTE
r-release-macos-arm64 1.1 NOTE
r-release-macos-x86_64 1.1 NOTE
r-release-windows-ix86+x86_64 1.1 4.00 32.00 36.00 NOTE
r-oldrel-macos-x86_64 1.1 NOTE
r-oldrel-windows-ix86+x86_64 1.1 4.00 27.00 31.00 NOTE

Check Details

Version: 1.1
Check: DESCRIPTION meta-information
Result: NOTE
    Malformed Description field: should contain one or more complete sentences.
Flavors: r-devel-linux-x86_64-debian-clang, r-devel-linux-x86_64-debian-gcc, r-devel-linux-x86_64-fedora-clang, r-devel-linux-x86_64-fedora-gcc, r-devel-windows-x86_64, r-devel-windows-x86_64-gcc10-UCRT, r-patched-linux-x86_64, r-patched-solaris-x86, r-release-linux-x86_64, r-release-macos-arm64, r-release-macos-x86_64, r-release-windows-ix86+x86_64, r-oldrel-macos-x86_64, r-oldrel-windows-ix86+x86_64