CRAN Package Check Results for Package pbmcapply

Last updated on 2021-09-21 09:52:55 CEST.

Flavor Version Tinstall Tcheck Ttotal Status Flags
r-devel-linux-x86_64-debian-clang 1.5.0 2.98 23.08 26.06 NOTE
r-devel-linux-x86_64-debian-gcc 1.5.0 2.19 18.49 20.68 NOTE
r-devel-linux-x86_64-fedora-clang 1.5.0 39.98 NOTE
r-devel-linux-x86_64-fedora-gcc 1.5.0 29.56 NOTE
r-devel-windows-x86_64 1.5.0 6.00 33.00 39.00 NOTE
r-devel-windows-x86_64-gcc10-UCRT 1.5.0 ERROR
r-patched-linux-x86_64 1.5.0 2.45 22.27 24.72 NOTE
r-patched-solaris-x86 1.5.0 48.80 NOTE
r-release-linux-x86_64 1.5.0 2.58 22.20 24.78 NOTE
r-release-macos-arm64 1.5.0 NOTE
r-release-macos-x86_64 1.5.0 NOTE
r-release-windows-ix86+x86_64 1.5.0 9.00 44.00 53.00 NOTE
r-oldrel-macos-x86_64 1.5.0 OK
r-oldrel-windows-ix86+x86_64 1.5.0 7.00 41.00 48.00 OK

Check Details

Version: 1.5.0
Check: LazyData
Result: NOTE
     'LazyData' is specified without a 'data' directory
Flavors: r-devel-linux-x86_64-debian-clang, r-devel-linux-x86_64-debian-gcc, r-devel-linux-x86_64-fedora-clang, r-devel-linux-x86_64-fedora-gcc, r-devel-windows-x86_64, r-patched-linux-x86_64, r-patched-solaris-x86, r-release-linux-x86_64, r-release-macos-arm64, r-release-macos-x86_64, r-release-windows-ix86+x86_64

Version: 1.5.0
Check: whether package can be installed
Result: ERROR
    Installation failed.
Flavor: r-devel-windows-x86_64-gcc10-UCRT