CRAN Package Check Results for Package pbixr

Last updated on 2021-10-23 10:57:01 CEST.

Flavor Version Tinstall Tcheck Ttotal Status Flags
r-devel-linux-x86_64-debian-clang 0.1.4 5.75 54.67 60.42 NOTE
r-devel-linux-x86_64-debian-gcc 0.1.4 4.15 41.28 45.43 NOTE
r-devel-linux-x86_64-fedora-clang 0.1.4 87.73 NOTE
r-devel-linux-x86_64-fedora-gcc 0.1.4 70.81 NOTE
r-devel-windows-x86_64 0.1.4 10.00 77.00 87.00 NOTE
r-devel-windows-x86_64-gcc10-UCRT 0.1.4 NOTE
r-patched-linux-x86_64 0.1.4 4.63 51.72 56.35 NOTE
r-patched-solaris-x86 0.1.4 100.40 NOTE
r-release-linux-x86_64 0.1.4 5.46 51.06 56.52 NOTE
r-release-macos-arm64 0.1.4 NOTE
r-release-macos-x86_64 0.1.4 NOTE
r-release-windows-ix86+x86_64 0.1.4 10.00 64.00 74.00 NOTE
r-oldrel-macos-x86_64 0.1.4 OK
r-oldrel-windows-ix86+x86_64 0.1.4 15.00 77.00 92.00 OK

Check Details

Version: 0.1.4
Check: LazyData
Result: NOTE
     'LazyData' is specified without a 'data' directory
Flavors: r-devel-linux-x86_64-debian-clang, r-devel-linux-x86_64-debian-gcc, r-devel-linux-x86_64-fedora-clang, r-devel-linux-x86_64-fedora-gcc, r-devel-windows-x86_64, r-devel-windows-x86_64-gcc10-UCRT, r-patched-linux-x86_64, r-patched-solaris-x86, r-release-linux-x86_64, r-release-macos-arm64, r-release-macos-x86_64, r-release-windows-ix86+x86_64