CRAN Package Check Results for Package pavo

Last updated on 2021-09-19 09:50:31 CEST.

Flavor Version Tinstall Tcheck Ttotal Status Flags
r-devel-linux-x86_64-debian-clang 2.7.0 18.36 205.50 223.86 OK
r-devel-linux-x86_64-debian-gcc 2.7.0 14.26 143.80 158.06 OK
r-devel-linux-x86_64-fedora-clang 2.7.0 277.12 NOTE
r-devel-linux-x86_64-fedora-gcc 2.7.0 264.00 OK
r-devel-windows-x86_64 2.7.0 15.00 215.00 230.00 OK
r-devel-windows-x86_64-gcc10-UCRT 2.7.0 ERROR
r-patched-linux-x86_64 2.7.0 20.57 188.96 209.53 OK
r-patched-solaris-x86 2.7.0 342.80 OK
r-release-linux-x86_64 2.7.0 18.31 191.27 209.58 OK
r-release-macos-arm64 2.7.0 OK
r-release-macos-x86_64 2.7.0 OK
r-release-windows-ix86+x86_64 2.7.0 30.00 151.00 181.00 OK
r-oldrel-macos-x86_64 2.7.0 OK
r-oldrel-windows-ix86+x86_64 2.7.0 24.00 161.00 185.00 OK

Check Details

Version: 2.7.0
Check: Rd cross-references
Result: NOTE
    Undeclared package ‘future’ in Rd xrefs
Flavor: r-devel-linux-x86_64-fedora-clang

Version: 2.7.0
Check: whether package can be installed
Result: WARN
    Found the following significant warnings:
     WARNING: installation-time patches will not be applied, could not get the patches index
Flavor: r-devel-windows-x86_64-gcc10-UCRT

Version: 2.7.0
Check: PDF version of manual
Result: WARN
    LaTeX errors when creating PDF version.
    This typically indicates Rd problems.
Flavor: r-devel-windows-x86_64-gcc10-UCRT

Version: 2.7.0
Check: PDF version of manual without hyperrefs or index
Result: ERROR
    Re-running with no redirection of stdout/stderr.
Flavor: r-devel-windows-x86_64-gcc10-UCRT