CRAN Package Check Results for Package paramlink

Last updated on 2021-10-26 10:04:35 CEST.

Flavor Version Tinstall Tcheck Ttotal Status Flags
r-devel-linux-x86_64-debian-clang 1.1-2 16.72 109.27 125.99 OK
r-devel-linux-x86_64-debian-gcc 1.1-2 11.34 81.77 93.11 OK
r-devel-linux-x86_64-fedora-clang 1.1-2 160.25 NOTE
r-devel-linux-x86_64-fedora-gcc 1.1-2 148.80 OK
r-devel-windows-x86_64 1.1-2 26.00 138.00 164.00 OK
r-devel-windows-x86_64-gcc10-UCRT 1.1-2 OK
r-patched-linux-x86_64 1.1-2 18.96 107.07 126.03 OK
r-patched-solaris-x86 1.1-2 199.00 OK
r-release-linux-x86_64 1.1-2 18.61 106.08 124.69 OK
r-release-macos-arm64 1.1-2 OK
r-release-macos-x86_64 1.1-2 OK
r-release-windows-ix86+x86_64 1.1-2 21.00 112.00 133.00 OK
r-oldrel-macos-x86_64 1.1-2 OK
r-oldrel-windows-ix86+x86_64 1.1-2 32.00 140.00 172.00 OK

Check Details

Version: 1.1-2
Check: Rd cross-references
Result: NOTE
    Undeclared package ‘Familias’ in Rd xrefs
Flavor: r-devel-linux-x86_64-fedora-clang