CRAN Package Check Results for Package pamctdp

Last updated on 2021-10-22 09:53:13 CEST.

Flavor Version Tinstall Tcheck Ttotal Status Flags
r-devel-linux-x86_64-debian-clang 0.3.2 7.28 63.88 71.16 OK
r-devel-linux-x86_64-debian-gcc 0.3.2 5.94 47.31 53.25 OK
r-devel-linux-x86_64-fedora-clang 0.3.2 96.23 NOTE
r-devel-linux-x86_64-fedora-gcc 0.3.2 82.54 NOTE
r-devel-windows-x86_64 0.3.2 13.00 90.00 103.00 OK
r-devel-windows-x86_64-gcc10-UCRT 0.3.2 NOTE
r-patched-linux-x86_64 0.3.2 6.83 59.95 66.78 OK
r-patched-solaris-x86 0.3.2 118.50 NOTE
r-release-linux-x86_64 0.3.2 7.25 59.84 67.09 OK
r-release-macos-arm64 0.3.2 NOTE
r-release-macos-x86_64 0.3.2 NOTE
r-release-windows-ix86+x86_64 0.3.2 27.00 84.00 111.00 OK
r-oldrel-macos-x86_64 0.3.2 NOTE
r-oldrel-windows-ix86+x86_64 0.3.2 20.00 88.00 108.00 OK

Check Details

Version: 0.3.2
Check: data for non-ASCII characters
Result: NOTE
     Note: found 34 marked UTF-8 strings
Flavors: r-devel-linux-x86_64-fedora-clang, r-devel-linux-x86_64-fedora-gcc, r-devel-windows-x86_64-gcc10-UCRT, r-patched-solaris-x86, r-release-macos-arm64, r-release-macos-x86_64, r-oldrel-macos-x86_64