CRAN Package Check Results for Package pagoda2

Last updated on 2021-09-16 09:54:49 CEST.

Flavor Version Tinstall Tcheck Ttotal Status Flags
r-devel-linux-x86_64-debian-clang 1.0.5 182.31 135.72 318.03 OK
r-devel-linux-x86_64-debian-gcc 1.0.5 117.10 98.30 215.40 OK
r-devel-windows-x86_64 1.0.5 165.00 162.00 327.00 OK
r-devel-windows-x86_64-gcc10-UCRT 1.0.5 OK
r-patched-linux-x86_64 1.0.5 142.67 125.75 268.42 OK
r-release-linux-x86_64 1.0.5 136.77 126.89 263.66 OK
r-release-macos-arm64 1.0.5 ERROR
r-release-macos-x86_64 1.0.5 NOTE
r-release-windows-ix86+x86_64 1.0.5 392.00 164.00 556.00 OK
r-oldrel-macos-x86_64 1.0.5 NOTE
r-oldrel-windows-ix86+x86_64 1.0.5 295.00 195.00 490.00 OK

Check Details

Version: 1.0.5
Check: package dependencies
Result: ERROR
    Package required but not available: ‘N2R’
    
    Package suggested but not available for checking: ‘scde’
    
    See section ‘The DESCRIPTION file’ in the ‘Writing R Extensions’
    manual.
Flavor: r-release-macos-arm64

Version: 1.0.5
Check: package dependencies
Result: NOTE
    Packages suggested but not available for checking:
     'GO.db', 'org.Dr.eg.db', 'org.Hs.eg.db', 'org.Mm.eg.db', 'scde'
Flavor: r-release-macos-x86_64

Version: 1.0.5
Check: installed package size
Result: NOTE
     installed size is 7.1Mb
     sub-directories of 1Mb or more:
     libs 5.3Mb
Flavors: r-release-macos-x86_64, r-oldrel-macos-x86_64

Version: 1.0.5
Check: package dependencies
Result: NOTE
    Packages suggested but not available for checking: 'org.Dr.eg.db', 'scde'
Flavor: r-oldrel-macos-x86_64