Last updated on 2024-03-28 10:49:42 CET.
Flavor | Version | Tinstall | Tcheck | Ttotal | Status | Flags |
---|---|---|---|---|---|---|
r-devel-linux-x86_64-debian-clang | 0.0.2 | 5.94 | 94.38 | 100.32 | NOTE | |
r-devel-linux-x86_64-debian-gcc | 0.0.2 | 4.55 | 70.17 | 74.72 | NOTE | |
r-devel-linux-x86_64-fedora-clang | 0.0.2 | 123.33 | NOTE | |||
r-devel-linux-x86_64-fedora-gcc | 0.0.2 | 134.32 | NOTE | |||
r-devel-windows-x86_64 | 0.0.2 | 7.00 | 86.00 | 93.00 | NOTE | |
r-patched-linux-x86_64 | 0.0.2 | 11.84 | 89.86 | 101.70 | NOTE | |
r-release-linux-x86_64 | 0.0.2 | 5.04 | 86.61 | 91.65 | NOTE | |
r-release-macos-arm64 | 0.0.2 | 46.00 | NOTE | |||
r-release-macos-x86_64 | 0.0.2 | 72.00 | NOTE | |||
r-release-windows-x86_64 | 0.0.2 | 8.00 | 96.00 | 104.00 | NOTE | |
r-oldrel-macos-arm64 | 0.0.2 | 34.00 | NOTE | |||
r-oldrel-windows-x86_64 | 0.0.2 | 9.00 | 101.00 | 110.00 | NOTE |
Version: 0.0.2
Check: LazyData
Result: NOTE
'LazyData' is specified without a 'data' directory
Flavors: r-devel-linux-x86_64-debian-clang, r-devel-linux-x86_64-debian-gcc, r-devel-linux-x86_64-fedora-clang, r-devel-linux-x86_64-fedora-gcc, r-devel-windows-x86_64, r-patched-linux-x86_64, r-release-linux-x86_64, r-release-macos-arm64, r-release-macos-x86_64, r-release-windows-x86_64, r-oldrel-macos-arm64, r-oldrel-windows-x86_64