CRAN Package Check Results for Package pGMGM

Last updated on 2021-10-22 09:53:14 CEST.

Flavor Version Tinstall Tcheck Ttotal Status Flags
r-devel-linux-x86_64-debian-clang 1.0 6.44 43.52 49.96 OK
r-devel-linux-x86_64-debian-gcc 1.0 4.27 32.83 37.10 OK
r-devel-linux-x86_64-fedora-clang 1.0 71.93 NOTE
r-devel-linux-x86_64-fedora-gcc 1.0 60.01 NOTE
r-devel-windows-x86_64 1.0 11.00 74.00 85.00 OK
r-devel-windows-x86_64-gcc10-UCRT 1.0 ERROR
r-patched-linux-x86_64 1.0 5.87 42.31 48.18 OK
r-patched-solaris-x86 1.0 92.60 OK
r-release-linux-x86_64 1.0 5.64 42.57 48.21 OK
r-release-macos-arm64 1.0 OK
r-release-macos-x86_64 1.0 OK
r-release-windows-ix86+x86_64 1.0 13.00 96.00 109.00 OK
r-oldrel-macos-x86_64 1.0 OK
r-oldrel-windows-ix86+x86_64 1.0 18.00 98.00 116.00 OK

Check Details

Version: 1.0
Check: compiled code
Result: NOTE
    File ‘pGMGM/libs/pGMGM.so’:
     Found no calls to: ‘R_registerRoutines’, ‘R_useDynamicSymbols’
    
    It is good practice to register native routines and to disable symbol
    search.
    
    See ‘Writing portable packages’ in the ‘Writing R Extensions’ manual.
Flavors: r-devel-linux-x86_64-fedora-clang, r-devel-linux-x86_64-fedora-gcc

Version: 1.0
Check: package dependencies
Result: ERROR
    Package required but not available: 'JGL'
    
    See section 'The DESCRIPTION file' in the 'Writing R Extensions'
    manual.
Flavor: r-devel-windows-x86_64-gcc10-UCRT