CRAN Package Check Results for Package outsider

Last updated on 2021-09-16 09:54:49 CEST.

Flavor Version Tinstall Tcheck Ttotal Status Flags
r-devel-linux-x86_64-debian-clang 0.1.1 2.74 37.96 40.70 NOTE
r-devel-linux-x86_64-debian-gcc 0.1.1 2.45 29.50 31.95 NOTE
r-devel-linux-x86_64-fedora-clang 0.1.1 58.34 NOTE
r-devel-linux-x86_64-fedora-gcc 0.1.1 66.83 NOTE
r-devel-windows-x86_64 0.1.1 15.00 69.00 84.00 NOTE
r-devel-windows-x86_64-gcc10-UCRT 0.1.1 NOTE
r-patched-linux-x86_64 0.1.1 2.87 28.46 31.33 NOTE
r-patched-solaris-x86 0.1.1 61.90 NOTE
r-release-linux-x86_64 0.1.1 2.88 28.47 31.35 NOTE
r-release-macos-arm64 0.1.1 NOTE
r-release-macos-x86_64 0.1.1 NOTE
r-release-windows-ix86+x86_64 0.1.1 9.00 39.00 48.00 NOTE
r-oldrel-macos-x86_64 0.1.1 OK
r-oldrel-windows-ix86+x86_64 0.1.1 13.00 42.00 55.00 OK

Check Details

Version: 0.1.1
Check: LazyData
Result: NOTE
     'LazyData' is specified without a 'data' directory
Flavors: r-devel-linux-x86_64-debian-clang, r-devel-linux-x86_64-debian-gcc, r-devel-linux-x86_64-fedora-clang, r-devel-linux-x86_64-fedora-gcc, r-devel-windows-x86_64, r-devel-windows-x86_64-gcc10-UCRT, r-patched-linux-x86_64, r-patched-solaris-x86, r-release-linux-x86_64, r-release-macos-arm64, r-release-macos-x86_64, r-release-windows-ix86+x86_64

Version: 0.1.1
Check: package dependencies
Result: NOTE
    Package suggested but not available for checking: ‘ssh’
Flavor: r-patched-solaris-x86